Last updated on 2025-05-22 18:52:15 CEST.
Flavor | Version | Tinstall | Tcheck | Ttotal | Status | Flags |
---|---|---|---|---|---|---|
r-devel-linux-x86_64-debian-clang | 0.17.0 | 82.17 | 90.44 | 172.61 | OK | |
r-devel-linux-x86_64-debian-gcc | 0.17.0 | 62.32 | 66.63 | 128.95 | OK | |
r-devel-linux-x86_64-fedora-clang | 0.17.0 | 308.50 | OK | |||
r-devel-linux-x86_64-fedora-gcc | 0.17.0 | 339.11 | OK | |||
r-devel-windows-x86_64 | 0.17.0 | 100.00 | 179.00 | 279.00 | OK | |
r-patched-linux-x86_64 | 0.17.0 | 85.70 | 86.36 | 172.06 | OK | |
r-release-linux-x86_64 | 0.17.0 | 89.03 | 86.90 | 175.93 | OK | |
r-release-macos-arm64 | 0.17.0 | 80.00 | OK | |||
r-release-macos-x86_64 | 0.17.0 | 141.00 | OK | |||
r-release-windows-x86_64 | 0.17.0 | 97.00 | 225.00 | 322.00 | OK | |
r-oldrel-macos-arm64 | 0.17.0 | 79.00 | NOTE | |||
r-oldrel-macos-x86_64 | 0.17.0 | 135.00 | NOTE | |||
r-oldrel-windows-x86_64 | 0.17.0 | 117.00 | 159.00 | 276.00 | OK |
Version: 0.17.0
Check: installed package size
Result: NOTE
installed size is 8.0Mb
sub-directories of 1Mb or more:
libs 7.7Mb
Flavors: r-oldrel-macos-arm64, r-oldrel-macos-x86_64