Last updated on 2025-11-04 11:52:40 CET.
| Flavor | Version | Tinstall | Tcheck | Ttotal | Status | Flags | 
|---|---|---|---|---|---|---|
| r-devel-linux-x86_64-debian-clang | 0.3-6 | 1.97 | 20.38 | 22.35 | NOTE | |
| r-devel-linux-x86_64-debian-gcc | 0.3-6 | 1.54 | 16.69 | 18.23 | NOTE | |
| r-devel-linux-x86_64-fedora-clang | 0.3-6 | 34.42 | OK | |||
| r-devel-linux-x86_64-fedora-gcc | 0.3-6 | 31.34 | OK | |||
| r-devel-windows-x86_64 | 0.3-6 | 3.00 | 40.00 | 43.00 | OK | |
| r-patched-linux-x86_64 | 0.3-6 | 2.18 | 19.43 | 21.61 | OK | |
| r-release-linux-x86_64 | 0.3-6 | 1.76 | 19.43 | 21.19 | OK | |
| r-release-macos-arm64 | 0.3-6 | 1.00 | 13.00 | 14.00 | OK | |
| r-release-macos-x86_64 | 0.3-6 | 2.00 | 21.00 | 23.00 | OK | |
| r-release-windows-x86_64 | 0.3-6 | 3.00 | 39.00 | 42.00 | OK | |
| r-oldrel-macos-arm64 | 0.3-6 | 1.00 | 14.00 | 15.00 | OK | |
| r-oldrel-macos-x86_64 | 0.3-6 | 2.00 | 18.00 | 20.00 | OK | |
| r-oldrel-windows-x86_64 | 0.3-6 | 4.00 | 44.00 | 48.00 | OK | 
Version: 0.3-6
Check: CRAN incoming feasibility
Result: NOTE
  Maintainer: ‘D. Labes <detlewlabes@gmx.de>’
  
  No Authors@R field in DESCRIPTION.
  Please add one, modifying
    Authors@R: person(given = "D.",
                      family = "Labes",
                      role = c("aut", "cre"),
                      email = "detlewlabes@gmx.de")
  as necessary.
Flavors: r-devel-linux-x86_64-debian-clang, r-devel-linux-x86_64-debian-gcc