Last updated on 2025-11-04 05:51:21 CET.
| Flavor | Version | Tinstall | Tcheck | Ttotal | Status | Flags | 
|---|---|---|---|---|---|---|
| r-devel-linux-x86_64-debian-clang | 0.10.1 | 9.08 | 285.66 | 294.74 | OK | |
| r-devel-linux-x86_64-debian-gcc | 0.10.1 | 6.45 | 182.50 | 188.95 | OK | |
| r-devel-linux-x86_64-fedora-clang | 0.10.1 | 40.00 | 426.56 | 466.56 | OK | |
| r-devel-linux-x86_64-fedora-gcc | 0.10.1 | 17.00 | 432.16 | 449.16 | OK | |
| r-devel-windows-x86_64 | 0.10.1 | 10.00 | 236.00 | 246.00 | OK | |
| r-patched-linux-x86_64 | 0.10.1 | 8.15 | 265.73 | 273.88 | OK | |
| r-release-linux-x86_64 | 0.10.1 | 9.05 | 266.45 | 275.50 | OK | |
| r-release-macos-arm64 | 0.10.1 | 3.00 | 93.00 | 96.00 | OK | |
| r-release-macos-x86_64 | 0.10.1 | 6.00 | 253.00 | 259.00 | OK | |
| r-release-windows-x86_64 | 0.10.1 | 12.00 | 231.00 | 243.00 | OK | |
| r-oldrel-macos-arm64 | 0.10.1 | 3.00 | 90.00 | 93.00 | NOTE | |
| r-oldrel-macos-x86_64 | 0.10.1 | 5.00 | 166.00 | 171.00 | NOTE | |
| r-oldrel-windows-x86_64 | 0.10.1 | 13.00 | 322.00 | 335.00 | NOTE | 
Version: 0.10.1
Check: LazyData
Result: NOTE
    'LazyData' is specified without a 'data' directory
Flavors: r-oldrel-macos-arm64, r-oldrel-macos-x86_64, r-oldrel-windows-x86_64