Last updated on 2025-11-03 23:50:28 CET.
| Flavor | Version | Tinstall | Tcheck | Ttotal | Status | Flags | 
|---|---|---|---|---|---|---|
| r-devel-linux-x86_64-debian-clang | 1.0 | 34.45 | 136.85 | 171.30 | OK | |
| r-devel-linux-x86_64-debian-gcc | 1.0 | 25.12 | 98.24 | 123.36 | OK | |
| r-devel-linux-x86_64-fedora-clang | 1.0 | 149.00 | 130.52 | 279.52 | OK | |
| r-devel-linux-x86_64-fedora-gcc | 1.0 | 60.00 | 193.72 | 253.72 | OK | |
| r-devel-windows-x86_64 | 1.0 | 37.00 | 151.00 | 188.00 | OK | |
| r-patched-linux-x86_64 | 1.0 | 34.82 | 129.82 | 164.64 | OK | |
| r-release-linux-x86_64 | 1.0 | 33.20 | 130.76 | 163.96 | OK | |
| r-release-macos-arm64 | 1.0 | 12.00 | 40.00 | 52.00 | OK | |
| r-release-macos-x86_64 | 1.0 | 25.00 | 89.00 | 114.00 | OK | |
| r-release-windows-x86_64 | 1.0 | 54.00 | 151.00 | 205.00 | OK | |
| r-oldrel-macos-arm64 | 1.0 | 14.00 | 55.00 | 69.00 | NOTE | |
| r-oldrel-macos-x86_64 | 1.0 | 23.00 | 90.00 | 113.00 | NOTE | |
| r-oldrel-windows-x86_64 | 1.0 | 47.00 | 198.00 | 245.00 | OK | 
Version: 1.0
Check: installed package size
Result: NOTE
    installed size is  5.7Mb
    sub-directories of 1Mb or more:
      libs   5.5Mb
Flavors: r-oldrel-macos-arm64, r-oldrel-macos-x86_64