CRAN Package Check Results for Package rameritrade

Last updated on 2025-05-27 18:49:58 CEST.

Flavor Version Tinstall Tcheck Ttotal Status Flags
r-devel-linux-x86_64-debian-clang 0.1.5 2.07 22.25 24.32 OK
r-devel-linux-x86_64-debian-gcc 0.1.5 1.70 17.96 19.66 OK
r-devel-linux-x86_64-fedora-clang 0.1.5 36.93 OK
r-devel-linux-x86_64-fedora-gcc 0.1.5 34.93 OK
r-devel-windows-x86_64 0.1.5 4.00 45.00 49.00 OK
r-patched-linux-x86_64 0.1.5 2.28 20.00 22.28 OK
r-release-linux-x86_64 0.1.5 2.27 20.09 22.36 OK
r-release-macos-arm64 0.1.5 17.00 OK
r-release-macos-x86_64 0.1.5 28.00 OK
r-release-windows-x86_64 0.1.5 4.00 45.00 49.00 OK
r-oldrel-macos-arm64 0.1.5 16.00 NOTE
r-oldrel-macos-x86_64 0.1.5 24.00 NOTE
r-oldrel-windows-x86_64 0.1.5 4.00 48.00 52.00 NOTE

Check Details

Version: 0.1.5
Check: LazyData
Result: NOTE 'LazyData' is specified without a 'data' directory Flavors: r-oldrel-macos-arm64, r-oldrel-macos-x86_64, r-oldrel-windows-x86_64

mirror server hosted at Truenetwork, Russian Federation.