Last updated on 2025-02-21 17:50:52 CET.
Flavor | Version | Tinstall | Tcheck | Ttotal | Status | Flags |
---|---|---|---|---|---|---|
r-devel-linux-x86_64-debian-clang | 2.2.7 | 49.78 | 224.83 | 274.61 | NOTE | |
r-devel-linux-x86_64-debian-gcc | 2.2.7 | 39.84 | 145.95 | 185.79 | NOTE | |
r-devel-linux-x86_64-fedora-clang | 2.2.7 | 432.56 | OK | |||
r-devel-linux-x86_64-fedora-gcc | 2.2.7 | 439.64 | OK | |||
r-devel-macos-arm64 | 2.2.7 | 113.00 | OK | |||
r-devel-macos-x86_64 | 2.2.7 | 291.00 | OK | |||
r-devel-windows-x86_64 | 2.2.7 | 50.00 | 246.00 | 296.00 | NOTE | |
r-patched-linux-x86_64 | 2.2.7 | 62.02 | 207.54 | 269.56 | OK | |
r-release-linux-x86_64 | 2.2.7 | 49.31 | 208.43 | 257.74 | OK | |
r-release-macos-arm64 | 2.2.7 | 114.00 | NOTE | |||
r-release-macos-x86_64 | 2.2.7 | 175.00 | NOTE | |||
r-release-windows-x86_64 | 2.2.7 | 48.00 | 239.00 | 287.00 | OK | |
r-oldrel-macos-arm64 | 2.2.7 | 117.00 | NOTE | |||
r-oldrel-macos-x86_64 | 2.2.7 | 286.00 | NOTE | |||
r-oldrel-windows-x86_64 | 2.2.7 | 64.00 | 297.00 | 361.00 | OK |
Version: 2.2.7
Check: Rd cross-references
Result: NOTE
Found the following Rd file(s) with Rd \link{} targets missing package
anchors:
Communities.Rd: igraph
DiffGraph.Rd: igraph
GGMpathStats.Rd: igraph
Ugraph.Rd: igraph
Please provide package anchors for all Rd \link{} targets not in the
package itself and the base packages.
Flavors: r-devel-linux-x86_64-debian-clang, r-devel-linux-x86_64-debian-gcc, r-devel-windows-x86_64
Version: 2.2.7
Check: installed package size
Result: NOTE
installed size is 5.8Mb
sub-directories of 1Mb or more:
libs 4.6Mb
Flavors: r-release-macos-arm64, r-release-macos-x86_64, r-oldrel-macos-arm64, r-oldrel-macos-x86_64