CRAN Package Check Results for Package rYoutheria

Last updated on 2025-05-26 00:48:43 CEST.

Flavor Version Tinstall Tcheck Ttotal Status Flags
r-devel-linux-x86_64-debian-clang 1.0.3 4.36 38.12 42.48 NOTE
r-devel-linux-x86_64-debian-gcc 1.0.3 3.34 29.52 32.86 NOTE
r-devel-linux-x86_64-fedora-clang 1.0.3 65.95 OK
r-devel-linux-x86_64-fedora-gcc 1.0.3 81.87 OK
r-devel-windows-x86_64 1.0.3 6.00 57.00 63.00 OK
r-patched-linux-x86_64 1.0.3 3.88 36.25 40.13 OK
r-release-linux-x86_64 1.0.3 4.32 36.88 41.20 OK
r-release-macos-arm64 1.0.3 30.00 OK
r-release-macos-x86_64 1.0.3 92.00 OK
r-release-windows-x86_64 1.0.3 6.00 55.00 61.00 OK
r-oldrel-macos-arm64 1.0.3 24.00 OK
r-oldrel-macos-x86_64 1.0.3 40.00 OK
r-oldrel-windows-x86_64 1.0.3 6.00 64.00 70.00 OK

Check Details

Version: 1.0.3
Check: CRAN incoming feasibility
Result: NOTE Maintainer: ‘Tom August <tomaug@ceh.ac.uk>’ No Authors@R field in DESCRIPTION. Please add one, modifying Authors@R: person(given = "Tom", family = "August", role = c("aut", "cre"), email = "tomaug@ceh.ac.uk") as necessary. Flavors: r-devel-linux-x86_64-debian-clang, r-devel-linux-x86_64-debian-gcc

mirror server hosted at Truenetwork, Russian Federation.