Last updated on 2025-05-27 18:50:01 CEST.
Flavor | Version | Tinstall | Tcheck | Ttotal | Status | Flags |
---|---|---|---|---|---|---|
r-devel-linux-x86_64-debian-clang | 0.3 | 6.56 | 144.63 | 151.19 | OK | |
r-devel-linux-x86_64-debian-gcc | 0.3 | 4.59 | 103.75 | 108.34 | OK | |
r-devel-linux-x86_64-fedora-clang | 0.3 | 221.77 | NOTE | |||
r-devel-linux-x86_64-fedora-gcc | 0.3 | 212.71 | NOTE | |||
r-devel-windows-x86_64 | 0.3 | 10.00 | 115.00 | 125.00 | OK | |
r-patched-linux-x86_64 | 0.2 | 6.08 | 108.91 | 114.99 | OK | |
r-release-linux-x86_64 | 0.3 | 5.57 | 136.56 | 142.13 | OK | |
r-release-macos-arm64 | 0.3 | 53.00 | OK | |||
r-release-macos-x86_64 | 0.3 | 113.00 | OK | |||
r-release-windows-x86_64 | 0.3 | 12.00 | 112.00 | 124.00 | OK | |
r-oldrel-macos-arm64 | 0.3 | 58.00 | OK | |||
r-oldrel-macos-x86_64 | 0.3 | 115.00 | OK | |||
r-oldrel-windows-x86_64 | 0.3 | 15.00 | 143.00 | 158.00 | OK |
Version: 0.3
Check: dependencies in R code
Result: NOTE
Namespaces in Imports field not imported from:
‘lifecycle’ ‘mathjaxr’
All declared Imports should be used.
Flavors: r-devel-linux-x86_64-fedora-clang, r-devel-linux-x86_64-fedora-gcc