Last updated on 2025-11-04 11:52:41 CET.
| Flavor | Version | Tinstall | Tcheck | Ttotal | Status | Flags | 
|---|---|---|---|---|---|---|
| r-devel-linux-x86_64-debian-clang | 1.3.2-1 | 15.91 | 93.17 | 109.08 | NOTE | |
| r-devel-linux-x86_64-debian-gcc | 1.3.2-1 | 10.38 | 61.31 | 71.69 | NOTE | |
| r-devel-linux-x86_64-fedora-clang | 1.3.2-1 | 32.00 | 131.84 | 163.84 | NOTE | |
| r-devel-linux-x86_64-fedora-gcc | 1.3.2-1 | 29.00 | 125.03 | 154.03 | NOTE | |
| r-devel-windows-x86_64 | 1.3.2-1 | 17.00 | 126.00 | 143.00 | NOTE | |
| r-patched-linux-x86_64 | 1.3.2-1 | 18.23 | 87.50 | 105.73 | NOTE | |
| r-release-linux-x86_64 | 1.3.2-1 | 18.31 | 86.84 | 105.15 | NOTE | |
| r-release-macos-arm64 | 1.3.2-1 | 8.00 | 36.00 | 44.00 | NOTE | |
| r-release-macos-x86_64 | 1.3.2-1 | 15.00 | 76.00 | 91.00 | NOTE | |
| r-release-windows-x86_64 | 1.3.2-1 | 19.00 | 122.00 | 141.00 | NOTE | |
| r-oldrel-macos-arm64 | 1.3.2-1 | 8.00 | 38.00 | 46.00 | NOTE | |
| r-oldrel-macos-x86_64 | 1.3.2-1 | 11.00 | 58.00 | 69.00 | NOTE | |
| r-oldrel-windows-x86_64 | 1.3.2-1 | 25.00 | 155.00 | 180.00 | NOTE | 
Version: 1.3.2-1
Check: CRAN incoming feasibility
Result: NOTE
  Maintainer: ‘Tomas Boril <borilt@gmail.com>’
  
  Package CITATION file contains call(s) to old-style personList() or
  as.personList().  Please use c() on person objects instead.
  Package CITATION file contains call(s) to old-style citEntry().  Please
  use bibentry() instead.
Flavors: r-devel-linux-x86_64-debian-clang, r-devel-linux-x86_64-debian-gcc
Version: 1.3.2-1
Check: Rd files
Result: NOTE
  checkRd: (-1) as.tg.Rd:18: Lost braces; missing escapes or markup?
      18 | Renames the \code{class(tg)["name"]} attribute and sets {class(tg)["type"] <- "TextGrid"} (if it is not already set)
         |                                                         ^
Flavors: r-devel-linux-x86_64-debian-clang, r-devel-linux-x86_64-debian-gcc, r-devel-linux-x86_64-fedora-clang, r-devel-linux-x86_64-fedora-gcc, r-devel-windows-x86_64, r-patched-linux-x86_64, r-release-linux-x86_64, r-release-macos-arm64, r-release-macos-x86_64, r-release-windows-x86_64, r-oldrel-macos-arm64, r-oldrel-macos-x86_64, r-oldrel-windows-x86_64
Version: 1.3.2-1
Check: LazyData
Result: NOTE
    'LazyData' is specified without a 'data' directory
Flavors: r-oldrel-macos-arm64, r-oldrel-macos-x86_64, r-oldrel-windows-x86_64