Last updated on 2025-05-27 18:49:59 CEST.
Flavor | Version | Tinstall | Tcheck | Ttotal | Status | Flags |
---|---|---|---|---|---|---|
r-devel-linux-x86_64-debian-clang | 0.1.0 | 1.67 | 37.94 | 39.61 | NOTE | |
r-devel-linux-x86_64-debian-gcc | 0.1.0 | 1.38 | 27.55 | 28.93 | NOTE | |
r-devel-linux-x86_64-fedora-clang | 0.1.0 | 62.37 | NOTE | |||
r-devel-linux-x86_64-fedora-gcc | 0.1.0 | 72.09 | NOTE | |||
r-devel-windows-x86_64 | 0.1.0 | 3.00 | 57.00 | 60.00 | NOTE | |
r-patched-linux-x86_64 | 0.1.0 | 1.72 | 35.81 | 37.53 | NOTE | |
r-release-linux-x86_64 | 0.1.0 | 1.53 | 35.27 | 36.80 | NOTE | |
r-release-macos-arm64 | 0.1.0 | 29.00 | NOTE | |||
r-release-macos-x86_64 | 0.1.0 | 55.00 | NOTE | |||
r-release-windows-x86_64 | 0.1.0 | 3.00 | 56.00 | 59.00 | NOTE | |
r-oldrel-macos-arm64 | 0.1.0 | 26.00 | NOTE | |||
r-oldrel-macos-x86_64 | 0.1.0 | 41.00 | NOTE | |||
r-oldrel-windows-x86_64 | 0.1.0 | 3.00 | 63.00 | 66.00 | NOTE |
Version: 0.1.0
Check: Rd files
Result: NOTE
checkRd: (-1) Ghana_2021_school_attendance.Rd:75: Lost braces in \itemize; meant \describe ?
checkRd: (-1) Ghana_2021_school_attendance_geometry.Rd:75: Lost braces in \itemize; meant \describe ?
Flavors: r-devel-linux-x86_64-debian-clang, r-devel-linux-x86_64-debian-gcc, r-devel-linux-x86_64-fedora-clang, r-devel-linux-x86_64-fedora-gcc, r-devel-windows-x86_64, r-patched-linux-x86_64, r-release-linux-x86_64, r-release-macos-arm64, r-release-macos-x86_64, r-release-windows-x86_64, r-oldrel-macos-arm64, r-oldrel-macos-x86_64, r-oldrel-windows-x86_64