Last updated on 2025-11-28 17:48:51 CET.
| Flavor | Version | Tinstall | Tcheck | Ttotal | Status | Flags |
|---|---|---|---|---|---|---|
| r-devel-linux-x86_64-debian-clang | 0.4.3 | 9.85 | 89.04 | 98.89 | OK | |
| r-devel-linux-x86_64-debian-gcc | 0.4.3 | 7.01 | 66.65 | 73.66 | OK | |
| r-devel-linux-x86_64-fedora-clang | 0.4.3 | 20.00 | 134.78 | 154.78 | OK | |
| r-devel-linux-x86_64-fedora-gcc | 0.4.3 | 21.00 | 120.13 | 141.13 | OK | |
| r-devel-windows-x86_64 | 0.4.3 | 12.00 | 89.00 | 101.00 | OK | |
| r-patched-linux-x86_64 | 0.4.3 | 8.44 | 86.39 | 94.83 | OK | |
| r-release-linux-x86_64 | 0.4.3 | 8.91 | 84.20 | 93.11 | OK | |
| r-release-macos-arm64 | 0.4.3 | OK | ||||
| r-release-macos-x86_64 | 0.4.3 | 9.00 | 70.00 | 79.00 | OK | |
| r-release-windows-x86_64 | 0.4.3 | 11.00 | 100.00 | 111.00 | OK | |
| r-oldrel-macos-arm64 | 0.4.3 | NOTE | ||||
| r-oldrel-macos-x86_64 | 0.4.3 | 7.00 | 62.00 | 69.00 | NOTE | |
| r-oldrel-windows-x86_64 | 0.4.3 | 14.00 | 115.00 | 129.00 | NOTE |
Version: 0.4.3
Check: LazyData
Result: NOTE
'LazyData' is specified without a 'data' directory
Flavors: r-oldrel-macos-arm64, r-oldrel-macos-x86_64, r-oldrel-windows-x86_64