Last updated on 2025-11-04 11:52:39 CET.
| Flavor | Version | Tinstall | Tcheck | Ttotal | Status | Flags | 
|---|---|---|---|---|---|---|
| r-devel-linux-x86_64-debian-clang | 1.6.0 | 8.97 | 68.48 | 77.45 | OK | |
| r-devel-linux-x86_64-debian-gcc | 1.6.0 | 6.22 | 47.31 | 53.53 | OK | |
| r-devel-linux-x86_64-fedora-clang | 1.6.0 | 17.00 | 99.85 | 116.85 | OK | |
| r-devel-linux-x86_64-fedora-gcc | 1.6.0 | 20.00 | 91.26 | 111.26 | OK | |
| r-devel-windows-x86_64 | 1.6.0 | 16.00 | 87.00 | 103.00 | OK | |
| r-patched-linux-x86_64 | 1.6.0 | 10.77 | 65.71 | 76.48 | OK | |
| r-release-linux-x86_64 | 1.6.0 | 7.36 | 65.11 | 72.47 | OK | |
| r-release-macos-arm64 | 1.6.0 | 4.00 | 31.00 | 35.00 | OK | |
| r-release-macos-x86_64 | 1.6.0 | 8.00 | 58.00 | 66.00 | OK | |
| r-release-windows-x86_64 | 1.6.0 | 14.00 | 84.00 | 98.00 | OK | |
| r-oldrel-macos-arm64 | 1.6.0 | 4.00 | 31.00 | 35.00 | NOTE | |
| r-oldrel-macos-x86_64 | 1.6.0 | 7.00 | 48.00 | 55.00 | NOTE | |
| r-oldrel-windows-x86_64 | 1.6.0 | 16.00 | 102.00 | 118.00 | NOTE | 
Version: 1.6.0
Check: installed package size
Result: NOTE
    installed size is 11.4Mb
    sub-directories of 1Mb or more:
      htmlwidgets       10.0Mb
      super-tiny-icons   1.0Mb
Flavors: r-oldrel-macos-arm64, r-oldrel-macos-x86_64, r-oldrel-windows-x86_64