CRAN Package Check Results for Package qwalkr

Last updated on 2025-07-13 06:48:34 CEST.

Flavor Version Tinstall Tcheck Ttotal Status Flags
r-devel-linux-x86_64-debian-clang 0.1.0 2.17 33.09 35.26 NOTE
r-devel-linux-x86_64-debian-gcc 0.1.0 1.83 26.73 28.56 NOTE
r-devel-linux-x86_64-fedora-clang 0.1.0 55.32 OK
r-devel-linux-x86_64-fedora-gcc 0.1.0 65.32 OK
r-devel-windows-x86_64 0.1.0 4.00 57.00 61.00 OK
r-patched-linux-x86_64 0.1.0 2.98 30.22 33.20 OK
r-release-linux-x86_64 0.1.0 2.30 30.39 32.69 OK
r-release-macos-arm64 0.1.0 36.00 OK
r-release-macos-x86_64 0.1.0 52.00 OK
r-release-windows-x86_64 0.1.0 4.00 60.00 64.00 OK
r-oldrel-macos-arm64 0.1.0 28.00 OK
r-oldrel-macos-x86_64 0.1.0 40.00 OK
r-oldrel-windows-x86_64 0.1.0 5.00 70.00 75.00 OK

Check Details

Version: 0.1.0
Check: CRAN incoming feasibility
Result: NOTE Maintainer: ‘Vitor Marques <vmrodriguespro@gmail.com>’ The Description field contains <arXiv:quant-ph/9706062v2>; C. Godsil (2011) <arXiv:1103.2578v3>. Please refer to arXiv e-prints via their arXiv DOI <doi:10.48550/arXiv.YYMM.NNNNN>. Flavors: r-devel-linux-x86_64-debian-clang, r-devel-linux-x86_64-debian-gcc

mirror server hosted at Truenetwork, Russian Federation.