CRAN Package Check Results for Package quest

Last updated on 2025-05-29 07:49:56 CEST.

Flavor Version Tinstall Tcheck Ttotal Status Flags
r-devel-linux-x86_64-debian-clang 0.2.0 4.94 96.62 101.56 NOTE
r-devel-linux-x86_64-debian-gcc 0.2.0 4.14 65.31 69.45 NOTE
r-devel-linux-x86_64-fedora-clang 0.2.0 178.62 OK
r-devel-linux-x86_64-fedora-gcc 0.2.0 152.27 OK
r-devel-windows-x86_64 0.2.0 10.00 154.00 164.00 NOTE
r-patched-linux-x86_64 0.2.0 11.43 90.95 102.38 NOTE
r-release-linux-x86_64 0.2.0 5.92 92.54 98.46 NOTE
r-release-macos-arm64 0.2.0 45.00 OK
r-release-macos-x86_64 0.2.0 83.00 OK
r-release-windows-x86_64 0.2.0 9.00 151.00 160.00 NOTE
r-oldrel-macos-arm64 0.2.0 44.00 OK
r-oldrel-macos-x86_64 0.2.0 67.00 OK
r-oldrel-windows-x86_64 0.2.0 12.00 179.00 191.00 OK

Check Details

Version: 0.2.0
Check: Rd cross-references
Result: NOTE Found the following Rd file(s) with Rd \link{} targets missing package anchors: quest-package.Rd: str2str ucfa.Rd: lavaan-class Please provide package anchors for all Rd \link{} targets not in the package itself and the base packages. Flavors: r-devel-linux-x86_64-debian-clang, r-devel-linux-x86_64-debian-gcc, r-devel-windows-x86_64, r-patched-linux-x86_64, r-release-linux-x86_64, r-release-windows-x86_64

mirror server hosted at Truenetwork, Russian Federation.