Last updated on 2025-11-04 05:51:21 CET.
| Flavor | Version | Tinstall | Tcheck | Ttotal | Status | Flags | 
|---|---|---|---|---|---|---|
| r-devel-linux-x86_64-debian-clang | 1.2-4 | 27.35 | 166.19 | 193.54 | NOTE | |
| r-devel-linux-x86_64-debian-gcc | 1.2-4 | 17.42 | 116.58 | 134.00 | NOTE | |
| r-devel-linux-x86_64-fedora-clang | 1.2-4 | 43.00 | 255.97 | 298.97 | NOTE | |
| r-devel-linux-x86_64-fedora-gcc | 1.2-4 | 46.00 | 254.47 | 300.47 | NOTE | |
| r-devel-windows-x86_64 | 1.2-4 | 32.00 | 210.00 | 242.00 | NOTE | |
| r-patched-linux-x86_64 | 1.2-4 | 27.65 | 158.37 | 186.02 | OK | |
| r-release-linux-x86_64 | 1.2-4 | 24.76 | 158.21 | 182.97 | OK | |
| r-release-macos-arm64 | 1.2-4 | 11.00 | 95.00 | 106.00 | OK | |
| r-release-macos-x86_64 | 1.2-4 | 18.00 | 182.00 | 200.00 | OK | |
| r-release-windows-x86_64 | 1.2-4 | 32.00 | 207.00 | 239.00 | OK | |
| r-oldrel-macos-arm64 | 1.2-4 | 14.00 | 80.00 | 94.00 | OK | |
| r-oldrel-macos-x86_64 | 1.2-4 | 21.00 | 187.00 | 208.00 | OK | |
| r-oldrel-windows-x86_64 | 1.2-4 | 40.00 | 306.00 | 346.00 | OK | 
Version: 1.2-4
Check: Rd files
Result: NOTE
  checkRd: (-1) quantspec-package.Rd:14-20: Only 2 columns allowed in this table (row 1 has 1)
Flavors: r-devel-linux-x86_64-debian-clang, r-devel-linux-x86_64-debian-gcc, r-devel-linux-x86_64-fedora-clang, r-devel-linux-x86_64-fedora-gcc, r-devel-windows-x86_64