Last updated on 2025-11-04 11:52:39 CET.
| Flavor | Version | Tinstall | Tcheck | Ttotal | Status | Flags |
|---|---|---|---|---|---|---|
| r-devel-linux-x86_64-debian-clang | 1.0 | 22.40 | 31.00 | 53.40 | OK | |
| r-devel-linux-x86_64-debian-gcc | 1.0 | 16.15 | 24.98 | 41.13 | OK | |
| r-devel-linux-x86_64-fedora-clang | 1.0 | 35.00 | 67.80 | 102.80 | OK | |
| r-devel-linux-x86_64-fedora-gcc | 1.0 | 49.00 | 39.50 | 88.50 | OK | |
| r-devel-windows-x86_64 | 1.0 | 31.00 | 70.00 | 101.00 | OK | |
| r-patched-linux-x86_64 | 1.0 | 23.85 | 29.52 | 53.37 | OK | |
| r-release-linux-x86_64 | 1.0 | 24.35 | 29.34 | 53.69 | OK | |
| r-release-macos-arm64 | 1.0 | 12.00 | 20.00 | 32.00 | OK | |
| r-release-macos-x86_64 | 1.0 | 9.00 | 30.00 | 39.00 | OK | |
| r-release-windows-x86_64 | 1.0 | 30.00 | 64.00 | 94.00 | OK | |
| r-oldrel-macos-arm64 | 1.0 | 11.00 | 19.00 | 30.00 | NOTE | |
| r-oldrel-macos-x86_64 | 1.0 | 10.00 | 26.00 | 36.00 | NOTE | |
| r-oldrel-windows-x86_64 | 1.0 | 38.00 | 120.00 | 158.00 | NOTE |
Version: 1.0
Check: LazyData
Result: NOTE
'LazyData' is specified without a 'data' directory
Flavors: r-oldrel-macos-arm64, r-oldrel-macos-x86_64, r-oldrel-windows-x86_64