Last updated on 2025-05-21 18:50:01 CEST.
Flavor | Version | Tinstall | Tcheck | Ttotal | Status | Flags |
---|---|---|---|---|---|---|
r-devel-linux-x86_64-debian-clang | 0.9.10 | 55.17 | 211.37 | 266.54 | OK | |
r-devel-linux-x86_64-debian-gcc | 0.9.10 | 40.47 | 160.38 | 200.85 | OK | |
r-devel-linux-x86_64-fedora-clang | 0.9.10 | 435.81 | OK | |||
r-devel-linux-x86_64-fedora-gcc | 0.9.10 | 493.73 | OK | |||
r-devel-windows-x86_64 | 0.9.10 | 62.00 | 270.00 | 332.00 | OK | |
r-patched-linux-x86_64 | 0.9.10 | 56.03 | 209.51 | 265.54 | OK | |
r-release-linux-x86_64 | 0.9.10 | 56.03 | 205.65 | 261.68 | OK | |
r-release-macos-arm64 | 0.9.10 | 200.00 | OK | |||
r-release-macos-x86_64 | 0.9.10 | 471.00 | OK | |||
r-release-windows-x86_64 | 0.9.10 | 62.00 | 252.00 | 314.00 | OK | |
r-oldrel-macos-arm64 | 0.9.10 | 157.00 | NOTE | |||
r-oldrel-macos-x86_64 | 0.9.10 | 344.00 | NOTE | |||
r-oldrel-windows-x86_64 | 0.9.10 | 75.00 | 331.00 | 406.00 | NOTE |
Version: 0.9.10
Check: installed package size
Result: NOTE
installed size is 7.6Mb
sub-directories of 1Mb or more:
data 3.8Mb
libs 3.4Mb
Flavors: r-oldrel-macos-arm64, r-oldrel-macos-x86_64, r-oldrel-windows-x86_64