Last updated on 2025-02-21 17:50:52 CET.
Flavor | Version | Tinstall | Tcheck | Ttotal | Status | Flags |
---|---|---|---|---|---|---|
r-devel-linux-x86_64-debian-clang | 4.2.0 | 160.82 | 277.03 | 437.85 | NOTE | |
r-devel-linux-x86_64-debian-gcc | 4.2.0 | 123.40 | 197.35 | 320.75 | NOTE | |
r-devel-linux-x86_64-fedora-clang | 4.2.0 | 723.21 | NOTE | |||
r-devel-linux-x86_64-fedora-gcc | 4.2.0 | 789.89 | NOTE | |||
r-devel-macos-arm64 | 4.2.0 | 164.00 | OK | |||
r-devel-macos-x86_64 | 4.2.0 | 310.00 | NOTE | |||
r-devel-windows-x86_64 | 4.2.0 | 192.00 | 301.00 | 493.00 | NOTE | |
r-patched-linux-x86_64 | 4.2.0 | 177.77 | 265.12 | 442.89 | OK | |
r-release-linux-x86_64 | 4.2.0 | 172.10 | 262.02 | 434.12 | OK | |
r-release-macos-arm64 | 4.2.0 | 179.00 | NOTE | |||
r-release-macos-x86_64 | 4.2.0 | 350.00 | NOTE | |||
r-release-windows-x86_64 | 4.2.0 | 201.00 | 290.00 | 491.00 | OK | |
r-oldrel-macos-arm64 | 4.2.0 | 196.00 | NOTE | |||
r-oldrel-macos-x86_64 | 4.2.0 | 434.00 | NOTE | |||
r-oldrel-windows-x86_64 | 4.2.0 | 232.00 | 374.00 | 606.00 | OK |
Version: 4.2.0
Check: DESCRIPTION meta-information
Result: NOTE
Missing dependency on R >= 4.1.0 because package code uses the pipe
|> or function shorthand \(...) syntax added in R 4.1.0.
File(s) using such syntax:
‘char_select.R’ ‘corpus-addsummary-metadata.R’
Flavors: r-devel-linux-x86_64-debian-clang, r-devel-linux-x86_64-debian-gcc, r-devel-linux-x86_64-fedora-clang, r-devel-linux-x86_64-fedora-gcc, r-devel-macos-x86_64, r-devel-windows-x86_64
Version: 4.2.0
Check: installed package size
Result: NOTE
installed size is 9.2Mb
sub-directories of 1Mb or more:
libs 6.8Mb
Flavors: r-release-macos-arm64, r-release-macos-x86_64, r-oldrel-macos-arm64, r-oldrel-macos-x86_64