Last updated on 2025-05-23 12:49:36 CEST.
Flavor | Version | Tinstall | Tcheck | Ttotal | Status | Flags |
---|---|---|---|---|---|---|
r-devel-linux-x86_64-debian-clang | 0.1.0 | 2.57 | 22.57 | 25.14 | NOTE | |
r-devel-linux-x86_64-debian-gcc | 0.1.0 | 2.02 | 18.15 | 20.17 | NOTE | |
r-devel-linux-x86_64-fedora-clang | 0.1.0 | 37.71 | OK | |||
r-devel-linux-x86_64-fedora-gcc | 0.1.0 | 35.81 | OK | |||
r-devel-windows-x86_64 | 0.1.0 | 6.00 | 75.00 | 81.00 | OK | |
r-patched-linux-x86_64 | 0.1.0 | 2.61 | 20.58 | 23.19 | OK | |
r-release-linux-x86_64 | 0.1.0 | 2.49 | 20.23 | 22.72 | OK | |
r-release-macos-arm64 | 0.1.0 | 17.00 | OK | |||
r-release-macos-x86_64 | 0.1.0 | 28.00 | OK | |||
r-release-windows-x86_64 | 0.1.0 | 6.00 | 57.00 | 63.00 | OK | |
r-oldrel-macos-arm64 | 0.1.0 | 18.00 | OK | |||
r-oldrel-macos-x86_64 | 0.1.0 | 25.00 | OK | |||
r-oldrel-windows-x86_64 | 0.1.0 | 6.00 | 48.00 | 54.00 | OK |
Version: 0.1.0
Check: CRAN incoming feasibility
Result: NOTE
Maintainer: ‘Andrew Heiss <andrew@andrewheiss.com>’
Found the following (possibly) invalid file URI:
URI: CONDUCT.md
From: README.md
Flavors: r-devel-linux-x86_64-debian-clang, r-devel-linux-x86_64-debian-gcc