Last updated on 2025-11-04 11:52:39 CET.
| Flavor | Version | Tinstall | Tcheck | Ttotal | Status | Flags | 
|---|---|---|---|---|---|---|
| r-devel-linux-x86_64-debian-clang | 1.4.3 | 72.12 | 95.60 | 167.72 | NOTE | |
| r-devel-linux-x86_64-debian-gcc | 1.4.3 | 57.85 | 72.99 | 130.84 | NOTE | |
| r-devel-linux-x86_64-fedora-clang | 1.4.3 | 113.00 | 167.02 | 280.02 | OK | |
| r-devel-linux-x86_64-fedora-gcc | 1.4.3 | 111.00 | 203.36 | 314.36 | OK | |
| r-devel-windows-x86_64 | 1.4.3 | 83.00 | 133.00 | 216.00 | OK | |
| r-patched-linux-x86_64 | 1.4.3 | 80.04 | 99.78 | 179.82 | OK | |
| r-release-linux-x86_64 | 1.4.3 | 80.95 | 100.47 | 181.42 | OK | |
| r-release-macos-arm64 | 1.4.3 | 28.00 | 48.00 | 76.00 | OK | |
| r-release-macos-x86_64 | 1.4.3 | 27.00 | 93.00 | 120.00 | OK | |
| r-release-windows-x86_64 | 1.4.3 | 81.00 | 127.00 | 208.00 | OK | |
| r-oldrel-macos-arm64 | 1.4.3 | 30.00 | 45.00 | 75.00 | NOTE | |
| r-oldrel-macos-x86_64 | 1.4.3 | 24.00 | 83.00 | 107.00 | NOTE | |
| r-oldrel-windows-x86_64 | 1.4.3 | 92.00 | 210.00 | 302.00 | NOTE | 
Version: 1.4.3
Check: CRAN incoming feasibility
Result: NOTE
  Maintainer: ‘Frederick J Boehm <frederick.boehm@gmail.com>’
  
  Package CITATION file contains call(s) to old-style personList() or
  as.personList().  Please use c() on person objects instead.
  Package CITATION file contains call(s) to old-style citEntry().  Please
  use bibentry() instead.
Flavors: r-devel-linux-x86_64-debian-clang, r-devel-linux-x86_64-debian-gcc
Version: 1.4.3
Check: installed package size
Result: NOTE
    installed size is 27.2Mb
    sub-directories of 1Mb or more:
      libs  26.9Mb
Flavors: r-oldrel-macos-arm64, r-oldrel-macos-x86_64
Version: 1.4.3
Check: LazyData
Result: NOTE
    'LazyData' is specified without a 'data' directory
Flavors: r-oldrel-macos-arm64, r-oldrel-macos-x86_64, r-oldrel-windows-x86_64