Last updated on 2025-07-16 00:49:50 CEST.
Flavor | Version | Tinstall | Tcheck | Ttotal | Status | Flags |
---|---|---|---|---|---|---|
r-devel-linux-x86_64-debian-clang | 0.1.5 | 36.41 | 44.35 | 80.76 | OK | |
r-devel-linux-x86_64-debian-gcc | 0.1.5 | 26.12 | 36.44 | 62.56 | OK | |
r-devel-linux-x86_64-fedora-clang | 0.1.5 | 128.81 | OK | |||
r-devel-linux-x86_64-fedora-gcc | 0.1.5 | 150.01 | OK | |||
r-devel-windows-x86_64 | 0.1.5 | 99.00 | 103.00 | 202.00 | OK | |
r-patched-linux-x86_64 | 0.1.5 | 35.84 | 42.87 | 78.71 | OK | |
r-release-linux-x86_64 | 0.1.5 | 32.52 | 41.10 | 73.62 | OK | |
r-release-macos-arm64 | 0.1.5 | 72.00 | NOTE | |||
r-release-macos-x86_64 | 0.1.5 | 106.00 | NOTE | |||
r-release-windows-x86_64 | 0.1.5 | 104.00 | 102.00 | 206.00 | OK | |
r-oldrel-macos-arm64 | 0.1.5 | 96.00 | NOTE | |||
r-oldrel-macos-x86_64 | 0.1.5 | 148.00 | NOTE | |||
r-oldrel-windows-x86_64 | 0.1.5 | 92.00 | 121.00 | 213.00 | NOTE |
Version: 0.1.5
Check: compiled code
Result: NOTE
File ‘qs2/libs/qs2.so’:
Found ‘___stderrp’, possibly from ‘stderr’ (C)
Object: ‘libQSZSTD.a’
Compiled code should not call entry points which might terminate R nor
write to stdout/stderr instead of to the console, nor use Fortran I/O
nor system RNGs nor [v]sprintf.
See ‘Writing portable packages’ in the ‘Writing R Extensions’ manual.
Flavors: r-release-macos-arm64, r-release-macos-x86_64
Version: 0.1.5
Check: installed package size
Result: NOTE
installed size is 9.5Mb
sub-directories of 1Mb or more:
libs 9.3Mb
Flavors: r-oldrel-macos-arm64, r-oldrel-macos-x86_64
Version: 0.1.5
Check: for GNU extensions in Makefiles
Result: NOTE
GNU make is a SystemRequirements.
Flavors: r-oldrel-macos-arm64, r-oldrel-macos-x86_64, r-oldrel-windows-x86_64