Last updated on 2025-07-22 19:51:57 CEST.
Flavor | Version | Tinstall | Tcheck | Ttotal | Status | Flags |
---|---|---|---|---|---|---|
r-devel-linux-x86_64-debian-clang | 0.1.0 | 39.51 | 233.64 | 273.15 | NOTE | |
r-devel-linux-x86_64-debian-gcc | 0.1.0 | 24.64 | 151.11 | 175.75 | NOTE | |
r-devel-linux-x86_64-fedora-clang | 0.1.0 | 459.98 | NOTE | |||
r-devel-linux-x86_64-fedora-gcc | 0.1.0 | 417.91 | NOTE | |||
r-devel-windows-x86_64 | 0.1.0 | 40.00 | 188.00 | 228.00 | OK | |
r-patched-linux-x86_64 | 0.1.0 | 35.13 | 220.07 | 255.20 | OK | |
r-release-linux-x86_64 | 0.1.0 | 32.93 | 220.00 | 252.93 | OK | |
r-release-macos-arm64 | 0.1.0 | 96.00 | OK | |||
r-release-macos-x86_64 | 0.1.0 | 198.00 | OK | |||
r-release-windows-x86_64 | 0.1.0 | 39.00 | 194.00 | 233.00 | OK | |
r-oldrel-macos-arm64 | 0.1.0 | 86.00 | NOTE | |||
r-oldrel-macos-x86_64 | 0.1.0 | 141.00 | NOTE | |||
r-oldrel-windows-x86_64 | 0.1.0 | 54.00 | 275.00 | 329.00 | NOTE |
Version: 0.1.0
Check: CRAN incoming feasibility
Result: NOTE
Maintainer: ‘Bob Rudis <bob@rud.is>’
Found the following (possibly) invalid file URI:
URI: CONDUCT.md
From: README.md
Flavors: r-devel-linux-x86_64-debian-clang, r-devel-linux-x86_64-debian-gcc
Version: 0.1.0
Check: compiled code
Result: NOTE
File ‘qrencoder/libs/qrencoder.so’:
Found no calls to: ‘R_registerRoutines’, ‘R_useDynamicSymbols’
It is good practice to register native routines and to disable symbol
search.
See ‘Writing portable packages’ in the ‘Writing R Extensions’ manual.
Flavors: r-devel-linux-x86_64-fedora-clang, r-devel-linux-x86_64-fedora-gcc
Version: 0.1.0
Check: LazyData
Result: NOTE
'LazyData' is specified without a 'data' directory
Flavors: r-oldrel-macos-arm64, r-oldrel-macos-x86_64, r-oldrel-windows-x86_64