Last updated on 2025-11-03 23:50:28 CET.
| Flavor | Version | Tinstall | Tcheck | Ttotal | Status | Flags | 
|---|---|---|---|---|---|---|
| r-devel-linux-x86_64-debian-clang | 0.3.0 | 2.79 | 56.56 | 59.35 | NOTE | |
| r-devel-linux-x86_64-debian-gcc | 0.3.0 | 2.00 | 36.04 | 38.04 | NOTE | |
| r-devel-linux-x86_64-fedora-clang | 0.3.0 | 91.26 | NOTE | |||
| r-devel-linux-x86_64-fedora-gcc | 0.3.0 | 90.64 | NOTE | |||
| r-devel-windows-x86_64 | 0.3.0 | 5.00 | 67.00 | 72.00 | NOTE | |
| r-patched-linux-x86_64 | 0.3.0 | 3.64 | 50.61 | 54.25 | NOTE | |
| r-release-linux-x86_64 | 0.3.0 | 3.10 | 50.25 | 53.35 | NOTE | |
| r-release-macos-arm64 | 0.3.0 | 1.00 | 25.00 | 26.00 | NOTE | |
| r-release-macos-x86_64 | 0.3.0 | 3.00 | 47.00 | 50.00 | NOTE | |
| r-release-windows-x86_64 | 0.3.0 | 3.00 | 66.00 | 69.00 | NOTE | |
| r-oldrel-macos-arm64 | 0.3.0 | 2.00 | 29.00 | 31.00 | OK | |
| r-oldrel-macos-x86_64 | 0.3.0 | 3.00 | 56.00 | 59.00 | OK | |
| r-oldrel-windows-x86_64 | 0.3.0 | 5.00 | 82.00 | 87.00 | OK | 
Version: 0.3.0
Check: DESCRIPTION meta-information
Result: NOTE
    Missing dependency on R >= 4.2.0 because package code uses the pipe
    placeholder syntax added in R 4.2.0.
    File(s) using such syntax:
      ‘qr_vcard.R’
Flavors: r-devel-linux-x86_64-debian-clang, r-devel-linux-x86_64-debian-gcc, r-devel-linux-x86_64-fedora-clang, r-devel-linux-x86_64-fedora-gcc, r-devel-windows-x86_64, r-patched-linux-x86_64, r-release-linux-x86_64, r-release-macos-arm64, r-release-macos-x86_64, r-release-windows-x86_64