Last updated on 2025-11-04 11:52:39 CET.
| Flavor | Version | Tinstall | Tcheck | Ttotal | Status | Flags | 
|---|---|---|---|---|---|---|
| r-devel-linux-x86_64-debian-clang | 1.4.1 | 321.90 | 25.69 | 347.59 | OK | |
| r-devel-linux-x86_64-debian-gcc | 1.4.1 | 248.79 | 20.97 | 269.76 | OK | |
| r-devel-linux-x86_64-fedora-clang | 1.4.1 | 555.00 | 72.60 | 627.60 | OK | |
| r-devel-linux-x86_64-fedora-gcc | 1.4.1 | 660.00 | 60.30 | 720.30 | OK | |
| r-devel-windows-x86_64 | 1.4.1 | 367.00 | 78.00 | 445.00 | OK | |
| r-patched-linux-x86_64 | 1.4.1 | 353.07 | 24.91 | 377.98 | OK | |
| r-release-linux-x86_64 | 1.4.1 | 351.78 | 24.48 | 376.26 | OK | |
| r-release-macos-arm64 | 1.4.1 | 144.00 | 19.00 | 163.00 | OK | |
| r-release-macos-x86_64 | 1.4.1 | 135.00 | 32.00 | 167.00 | OK | |
| r-release-windows-x86_64 | 1.4.1 | 354.00 | 78.00 | 432.00 | OK | |
| r-oldrel-macos-arm64 | 1.4.1 | 139.00 | 24.00 | 163.00 | NOTE | |
| r-oldrel-macos-x86_64 | 1.4.1 | 131.00 | 36.00 | 167.00 | NOTE | |
| r-oldrel-windows-x86_64 | 1.4.1 | 430.00 | 116.00 | 546.00 | OK | 
Version: 1.4.1
Check: installed package size
Result: NOTE
    installed size is  5.1Mb
    sub-directories of 1Mb or more:
      libs   5.0Mb
Flavors: r-oldrel-macos-arm64, r-oldrel-macos-x86_64