Last updated on 2025-11-03 17:49:59 CET.
| Flavor | Version | Tinstall | Tcheck | Ttotal | Status | Flags |
|---|---|---|---|---|---|---|
| r-devel-linux-x86_64-debian-clang | 1.9.8 | 35.58 | 158.11 | 193.69 | NOTE | |
| r-devel-linux-x86_64-debian-gcc | 1.9.8 | 24.10 | 107.13 | 131.23 | NOTE | |
| r-devel-linux-x86_64-fedora-clang | 1.9.8 | 87.00 | 217.11 | 304.11 | OK | |
| r-devel-linux-x86_64-fedora-gcc | 1.9.8 | 78.00 | 205.57 | 283.57 | OK | |
| r-devel-windows-x86_64 | 1.9.8 | 36.00 | 166.00 | 202.00 | OK | |
| r-patched-linux-x86_64 | 1.9.8 | 35.34 | 146.75 | 182.09 | OK | |
| r-release-linux-x86_64 | 1.9.8 | 34.93 | 148.47 | 183.40 | OK | |
| r-release-macos-arm64 | 1.9.8 | 14.00 | 53.00 | 67.00 | OK | |
| r-release-macos-x86_64 | 1.9.8 | 28.00 | 103.00 | 131.00 | OK | |
| r-release-windows-x86_64 | 1.9.8 | 35.00 | 163.00 | 198.00 | OK | |
| r-oldrel-macos-arm64 | 1.9.8 | 15.00 | 53.00 | 68.00 | OK | |
| r-oldrel-macos-x86_64 | 1.9.8 | 23.00 | 86.00 | 109.00 | OK | |
| r-oldrel-windows-x86_64 | 1.9.8 | 48.00 | 211.00 | 259.00 | OK |
Version: 1.9.8
Check: CRAN incoming feasibility
Result: NOTE
Maintainer: ‘Sacha Epskamp <mail@sachaepskamp.com>’
The BugReports field in DESCRIPTION has
https://github.com/SachaEpskamp/qgraph
which should likely be
https://github.com/SachaEpskamp/qgraph/issues
instead.
Flavors: r-devel-linux-x86_64-debian-clang, r-devel-linux-x86_64-debian-gcc