CRAN Package Check Results for Package qfasar

Last updated on 2025-05-28 00:49:10 CEST.

Flavor Version Tinstall Tcheck Ttotal Status Flags
r-devel-linux-x86_64-debian-clang 1.2.1 4.68 47.79 52.47 OK
r-devel-linux-x86_64-debian-gcc 1.2.1 3.02 33.21 36.23 OK
r-devel-linux-x86_64-fedora-clang 1.2.1 81.97 OK
r-devel-linux-x86_64-fedora-gcc 1.2.1 91.64 OK
r-devel-windows-x86_64 1.2.1 6.00 75.00 81.00 OK
r-patched-linux-x86_64 1.2.1 5.69 45.30 50.99 OK
r-release-linux-x86_64 1.2.1 4.72 46.24 50.96 OK
r-release-macos-arm64 1.2.1 47.00 OK
r-release-macos-x86_64 1.2.1 86.00 OK
r-release-windows-x86_64 1.2.1 6.00 74.00 80.00 OK
r-oldrel-macos-arm64 1.2.1 36.00 NOTE
r-oldrel-macos-x86_64 1.2.1 76.00 NOTE
r-oldrel-windows-x86_64 1.2.1 7.00 85.00 92.00 NOTE

Check Details

Version: 1.2.1
Check: LazyData
Result: NOTE 'LazyData' is specified without a 'data' directory Flavors: r-oldrel-macos-arm64, r-oldrel-macos-x86_64, r-oldrel-windows-x86_64

mirror server hosted at Truenetwork, Russian Federation.