Last updated on 2025-11-04 05:51:21 CET.
| Flavor | Version | Tinstall | Tcheck | Ttotal | Status | Flags | 
|---|---|---|---|---|---|---|
| r-devel-linux-x86_64-debian-clang | 2.7 | 5.71 | 78.65 | 84.36 | NOTE | |
| r-devel-linux-x86_64-debian-gcc | 2.7 | 4.04 | 60.24 | 64.28 | NOTE | |
| r-devel-linux-x86_64-fedora-clang | 2.7 | 12.00 | 103.24 | 115.24 | OK | |
| r-devel-linux-x86_64-fedora-gcc | 2.7 | 12.00 | 114.64 | 126.64 | OK | |
| r-devel-windows-x86_64 | 2.7 | 8.00 | 76.00 | 84.00 | OK | |
| r-patched-linux-x86_64 | 2.7 | 6.56 | 75.14 | 81.70 | OK | |
| r-release-linux-x86_64 | 2.7 | 4.95 | 75.74 | 80.69 | OK | |
| r-release-macos-arm64 | 2.7 | 2.00 | 33.00 | 35.00 | OK | |
| r-release-macos-x86_64 | 2.7 | 6.00 | 59.00 | 65.00 | OK | |
| r-release-windows-x86_64 | 2.7 | 7.00 | 74.00 | 81.00 | OK | |
| r-oldrel-macos-arm64 | 2.7 | 2.00 | 31.00 | 33.00 | OK | |
| r-oldrel-macos-x86_64 | 2.7 | 3.00 | 47.00 | 50.00 | OK | |
| r-oldrel-windows-x86_64 | 2.7 | 6.00 | 104.00 | 110.00 | OK | 
Version: 2.7
Check: CRAN incoming feasibility
Result: NOTE
  Maintainer: ‘Luca Scrucca <luca.scrucca@unipg.it>’
  
  Package CITATION file contains call(s) to old-style personList() or
  as.personList().  Please use c() on person objects instead.
  Package CITATION file contains call(s) to old-style citEntry().  Please
  use bibentry() instead.
Flavors: r-devel-linux-x86_64-debian-clang, r-devel-linux-x86_64-debian-gcc