Last updated on 2025-02-20 17:50:40 CET.
Flavor | Version | Tinstall | Tcheck | Ttotal | Status | Flags |
---|---|---|---|---|---|---|
r-devel-linux-x86_64-debian-clang | 1.0.3 | 9.36 | 126.33 | 135.69 | NOTE | |
r-devel-linux-x86_64-debian-gcc | 1.0.3 | 6.21 | 85.14 | 91.35 | NOTE | |
r-devel-linux-x86_64-fedora-clang | 1.0.3 | 219.23 | NOTE | |||
r-devel-linux-x86_64-fedora-gcc | 1.0.3 | 220.63 | NOTE | |||
r-devel-macos-arm64 | 1.0.3 | 76.00 | NOTE | |||
r-devel-macos-x86_64 | 1.0.3 | 306.00 | NOTE | |||
r-devel-windows-x86_64 | 1.0.3 | 11.00 | 134.00 | 145.00 | NOTE | |
r-patched-linux-x86_64 | 1.0.3 | 14.98 | 117.71 | 132.69 | NOTE | |
r-release-linux-x86_64 | 1.0.3 | 8.64 | 117.84 | 126.48 | NOTE | |
r-release-macos-arm64 | 1.0.3 | 68.00 | NOTE | |||
r-release-macos-x86_64 | 1.0.3 | 121.00 | NOTE | |||
r-release-windows-x86_64 | 1.0.3 | 11.00 | 138.00 | 149.00 | NOTE | |
r-oldrel-macos-arm64 | 1.0.3 | 73.00 | OK | |||
r-oldrel-macos-x86_64 | 1.0.3 | 116.00 | OK | |||
r-oldrel-windows-x86_64 | 1.0.3 | 15.00 | 161.00 | 176.00 | OK |
Version: 1.0.3
Check: Rd files
Result: NOTE
checkRd: (-1) crosstab.Rd:45: Lost braces in \itemize; \value handles \item{}{} directly
checkRd: (-1) crosstab.Rd:46: Lost braces in \itemize; \value handles \item{}{} directly
checkRd: (-1) crosstab.Rd:47: Lost braces in \itemize; \value handles \item{}{} directly
checkRd: (-1) crosstab.Rd:48: Lost braces in \itemize; \value handles \item{}{} directly
checkRd: (-1) crosstab.Rd:49: Lost braces in \itemize; \value handles \item{}{} directly
checkRd: (-1) crosstab.Rd:50: Lost braces in \itemize; \value handles \item{}{} directly
checkRd: (-1) crosstab.Rd:51-52: Lost braces in \itemize; \value handles \item{}{} directly
Flavors: r-devel-linux-x86_64-debian-clang, r-devel-linux-x86_64-debian-gcc, r-devel-linux-x86_64-fedora-clang, r-devel-linux-x86_64-fedora-gcc, r-devel-macos-arm64, r-devel-macos-x86_64, r-devel-windows-x86_64, r-patched-linux-x86_64, r-release-linux-x86_64, r-release-macos-arm64, r-release-macos-x86_64, r-release-windows-x86_64
Version: 1.0.3
Check: Rd cross-references
Result: NOTE
Found the following Rd file(s) with Rd \link{} targets missing package
anchors:
univariate_plot.Rd: ggplot2, patchwork
Please provide package anchors for all Rd \link{} targets not in the
package itself and the base packages.
Flavors: r-devel-linux-x86_64-debian-clang, r-devel-linux-x86_64-debian-gcc, r-devel-windows-x86_64