CRAN Package Check Results for Package pwt8

Last updated on 2025-11-04 11:52:39 CET.

Flavor Version Tinstall Tcheck Ttotal Status Flags
r-devel-linux-x86_64-debian-clang 8.1-1 4.15 14.14 18.29 NOTE
r-devel-linux-x86_64-debian-gcc 8.1-1 3.28 11.74 15.02 NOTE
r-devel-linux-x86_64-fedora-clang 8.1-1 26.62 OK
r-devel-linux-x86_64-fedora-gcc 8.1-1 25.84 OK
r-devel-windows-x86_64 8.1-1 5.00 30.00 35.00 OK
r-patched-linux-x86_64 8.1-1 4.35 13.12 17.47 OK
r-release-linux-x86_64 8.1-1 4.14 13.24 17.38 OK
r-release-macos-arm64 8.1-1 4.00 13.00 17.00 OK
r-release-macos-x86_64 8.1-1 5.00 18.00 23.00 OK
r-release-windows-x86_64 8.1-1 5.00 29.00 34.00 OK
r-oldrel-macos-arm64 8.1-1 3.00 12.00 15.00 OK
r-oldrel-macos-x86_64 8.1-1 3.00 16.00 19.00 OK
r-oldrel-windows-x86_64 8.1-1 5.00 30.00 35.00 OK

Check Details

Version: 8.1-1
Check: CRAN incoming feasibility
Result: NOTE Maintainer: ‘Achim Zeileis <Achim.Zeileis@R-project.org>’ Package CITATION file contains call(s) to old-style personList() or as.personList(). Please use c() on person objects instead. Package CITATION file contains call(s) to old-style citEntry(). Please use bibentry() instead. Found the following URLs which should use \doi (with the DOI name only): File ‘pwt8.0.Rd’: http://dx.doi.org/10.15141/S5159X http://dx.doi.org/10.1016/j.jdeveco.2012.10.001 File ‘pwt8.1.Rd’: http://dx.doi.org/10.15141/S5NP4S Flavors: r-devel-linux-x86_64-debian-clang, r-devel-linux-x86_64-debian-gcc

mirror server hosted at Truenetwork, Russian Federation.