Last updated on 2025-11-04 05:51:21 CET.
| Flavor | Version | Tinstall | Tcheck | Ttotal | Status | Flags | 
|---|---|---|---|---|---|---|
| r-devel-linux-x86_64-debian-clang | 2.2.7 | 12.26 | 36.06 | 48.32 | NOTE | |
| r-devel-linux-x86_64-debian-gcc | 2.2.7 | 8.58 | 28.73 | 37.31 | NOTE | |
| r-devel-linux-x86_64-fedora-clang | 2.2.7 | 27.00 | 51.22 | 78.22 | NOTE | |
| r-devel-linux-x86_64-fedora-gcc | 2.2.7 | 32.00 | 59.30 | 91.30 | NOTE | |
| r-devel-windows-x86_64 | 2.2.7 | 16.00 | 76.00 | 92.00 | NOTE | |
| r-patched-linux-x86_64 | 2.2.7 | 13.60 | 34.29 | 47.89 | NOTE | |
| r-release-linux-x86_64 | 2.2.7 | 13.52 | 34.42 | 47.94 | NOTE | |
| r-release-macos-arm64 | 2.2.7 | 7.00 | 28.00 | 35.00 | NOTE | |
| r-release-macos-x86_64 | 2.2.7 | 14.00 | 51.00 | 65.00 | NOTE | |
| r-release-windows-x86_64 | 2.2.7 | 15.00 | 77.00 | 92.00 | NOTE | |
| r-oldrel-macos-arm64 | 2.2.7 | 8.00 | 26.00 | 34.00 | NOTE | |
| r-oldrel-macos-x86_64 | 2.2.7 | 15.00 | 76.00 | 91.00 | NOTE | |
| r-oldrel-windows-x86_64 | 2.2.7 | 16.00 | 92.00 | 108.00 | NOTE | 
Version: 2.2.7
Check: CRAN incoming feasibility
Result: NOTE
  Maintainer: ‘Vygantas Butkus <Vygantas.Butkus@gmail.com>’
  
  No Authors@R field in DESCRIPTION.
  Please add one, modifying
    Authors@R: person(given = "Vygantas",
                      family = "Butkus",
                      role = c("aut", "cre"),
                      email = "vygantas.butkus@gmail.com")
  as necessary.
Flavors: r-devel-linux-x86_64-debian-clang, r-devel-linux-x86_64-debian-gcc
Version: 2.2.7
Check: Rd files
Result: NOTE
  checkRd: (-1) DataSets.Rd:10: Lost braces; missing escapes or markup?
      10 | \format{the \code{PvarQuantileDF} is a \code{data.frame} with fields \code{prob} an {Qaunt}. 
         |                                                                                     ^
Flavors: r-devel-linux-x86_64-debian-clang, r-devel-linux-x86_64-debian-gcc, r-devel-linux-x86_64-fedora-clang, r-devel-linux-x86_64-fedora-gcc, r-devel-windows-x86_64, r-patched-linux-x86_64, r-release-linux-x86_64, r-release-macos-arm64, r-release-macos-x86_64, r-release-windows-x86_64, r-oldrel-macos-arm64, r-oldrel-macos-x86_64, r-oldrel-windows-x86_64