Last updated on 2025-11-03 17:49:59 CET.
| Flavor | Version | Tinstall | Tcheck | Ttotal | Status | Flags |
|---|---|---|---|---|---|---|
| r-devel-linux-x86_64-debian-clang | 0.0.1 | 3.17 | 27.88 | 31.05 | OK | |
| r-devel-linux-x86_64-debian-gcc | 0.0.1 | 2.12 | 22.11 | 24.23 | OK | |
| r-devel-linux-x86_64-fedora-clang | 0.0.1 | 44.66 | NOTE | |||
| r-devel-linux-x86_64-fedora-gcc | 0.0.1 | 42.19 | NOTE | |||
| r-devel-windows-x86_64 | 0.0.1 | 6.00 | 47.00 | 53.00 | OK | |
| r-patched-linux-x86_64 | 0.0.1 | 3.69 | 25.30 | 28.99 | OK | |
| r-release-linux-x86_64 | 0.0.1 | 3.15 | 25.05 | 28.20 | OK | |
| r-release-macos-arm64 | 0.0.1 | 2.00 | 21.00 | 23.00 | OK | |
| r-release-macos-x86_64 | 0.0.1 | 4.00 | 36.00 | 40.00 | OK | |
| r-release-windows-x86_64 | 0.0.1 | 6.00 | 47.00 | 53.00 | OK | |
| r-oldrel-macos-arm64 | 0.0.1 | 2.00 | 17.00 | 19.00 | OK | |
| r-oldrel-macos-x86_64 | 0.0.1 | 2.00 | 23.00 | 25.00 | OK | |
| r-oldrel-windows-x86_64 | 0.0.1 | 7.00 | 54.00 | 61.00 | OK |
Version: 0.0.1
Check: dependencies in R code
Result: NOTE
Namespaces in Imports field not imported from:
‘kableExtra’ ‘readr’ ‘tidyverse’
All declared Imports should be used.
Flavors: r-devel-linux-x86_64-fedora-clang, r-devel-linux-x86_64-fedora-gcc