CRAN Package Check Results for Package purge

Last updated on 2025-11-28 12:48:47 CET.

Flavor Version Tinstall Tcheck Ttotal Status Flags
r-devel-linux-x86_64-debian-clang 0.2.1 1.79 28.15 29.94 OK
r-devel-linux-x86_64-debian-gcc 0.2.1 1.45 22.73 24.18 OK
r-devel-linux-x86_64-fedora-clang 0.2.1 43.67 OK
r-devel-linux-x86_64-fedora-gcc 0.2.1 41.35 OK
r-devel-windows-x86_64 0.2.1 4.00 43.00 47.00 OK
r-patched-linux-x86_64 0.2.1 1.74 25.31 27.05 OK
r-release-linux-x86_64 0.2.1 1.74 25.27 27.01 OK
r-release-macos-arm64 0.2.1 OK
r-release-macos-x86_64 0.2.1 2.00 41.00 43.00 OK
r-release-windows-x86_64 0.2.1 3.00 43.00 46.00 OK
r-oldrel-macos-arm64 0.2.1 NOTE
r-oldrel-macos-x86_64 0.2.1 2.00 25.00 27.00 NOTE
r-oldrel-windows-x86_64 0.2.1 3.00 49.00 52.00 NOTE

Check Details

Version: 0.2.1
Check: LazyData
Result: NOTE 'LazyData' is specified without a 'data' directory Flavors: r-oldrel-macos-arm64, r-oldrel-macos-x86_64, r-oldrel-windows-x86_64

mirror server hosted at Truenetwork, Russian Federation.