Last updated on 2025-02-21 17:50:51 CET.
Flavor | Version | Tinstall | Tcheck | Ttotal | Status | Flags |
---|---|---|---|---|---|---|
r-devel-linux-x86_64-debian-clang | 2.1.1 | 30.07 | 88.32 | 118.39 | NOTE | |
r-devel-linux-x86_64-debian-gcc | 2.1.1 | 22.04 | 64.46 | 86.50 | NOTE | |
r-devel-linux-x86_64-fedora-clang | 2.1.1 | 202.20 | NOTE | |||
r-devel-linux-x86_64-fedora-gcc | 2.1.1 | 210.97 | NOTE | |||
r-devel-macos-arm64 | 2.1.1 | 77.00 | NOTE | |||
r-devel-macos-x86_64 | 2.1.1 | 133.00 | NOTE | |||
r-devel-windows-x86_64 | 2.1.1 | 34.00 | 181.00 | 215.00 | NOTE | |
r-patched-linux-x86_64 | 2.1.1 | 31.04 | 85.11 | 116.15 | NOTE | |
r-release-linux-x86_64 | 2.1.1 | 32.06 | 84.11 | 116.17 | NOTE | |
r-release-macos-arm64 | 2.1.1 | 68.00 | NOTE | |||
r-release-macos-x86_64 | 2.1.1 | 171.00 | NOTE | |||
r-release-windows-x86_64 | 2.1.1 | 34.00 | 183.00 | 217.00 | NOTE | |
r-oldrel-macos-arm64 | 2.1.1 | 73.00 | NOTE | |||
r-oldrel-macos-x86_64 | 2.1.1 | 126.00 | NOTE | |||
r-oldrel-windows-x86_64 | 2.1.1 | 40.00 | 223.00 | 263.00 | OK |
Version: 2.1.1
Check: Rd files
Result: NOTE
checkRd: (-1) riedsid.Rd:92-93: Lost braces in \itemize; meant \describe ?
checkRd: (-1) riedsid.Rd:94-96: Lost braces in \itemize; meant \describe ?
Flavors: r-devel-linux-x86_64-debian-clang, r-devel-linux-x86_64-debian-gcc, r-devel-linux-x86_64-fedora-clang, r-devel-linux-x86_64-fedora-gcc, r-devel-macos-arm64, r-devel-macos-x86_64, r-devel-windows-x86_64, r-patched-linux-x86_64, r-release-linux-x86_64, r-release-macos-arm64, r-release-macos-x86_64, r-release-windows-x86_64
Version: 2.1.1
Check: installed package size
Result: NOTE
installed size is 5.1Mb
sub-directories of 1Mb or more:
doc 1.5Mb
libs 2.9Mb
Flavors: r-release-macos-arm64, r-release-macos-x86_64, r-oldrel-macos-arm64, r-oldrel-macos-x86_64