Last updated on 2025-11-04 11:52:39 CET.
| Flavor | Version | Tinstall | Tcheck | Ttotal | Status | Flags | 
|---|---|---|---|---|---|---|
| r-devel-linux-x86_64-debian-clang | 1.1.0 | 1075.87 | 256.17 | 1332.04 | OK | |
| r-devel-linux-x86_64-debian-gcc | 1.1.0 | 1000.90 | 258.68 | 1259.58 | OK | |
| r-devel-linux-x86_64-fedora-clang | 1.1.0 | 2160.00 | -49.50 | 2110.50 | NOTE | |
| r-devel-linux-x86_64-fedora-gcc | 1.1.0 | 3120.00 | -184.90 | 2935.10 | NOTE | |
| r-devel-windows-x86_64 | 1.1.0 | 1271.00 | 331.00 | 1602.00 | OK | |
| r-patched-linux-x86_64 | 1.1.0 | 1340.05 | 364.33 | 1704.38 | OK | |
| r-release-linux-x86_64 | 1.1.0 | 1350.14 | 361.29 | 1711.43 | OK | |
| r-release-macos-arm64 | 1.1.0 | 446.00 | 82.00 | 528.00 | OK | |
| r-release-macos-x86_64 | 1.1.0 | 439.00 | 277.00 | 716.00 | OK | |
| r-release-windows-x86_64 | 1.1.0 | 1238.00 | 335.00 | 1573.00 | OK | |
| r-oldrel-macos-arm64 | 1.1.0 | 235.00 | 52.00 | 287.00 | NOTE | |
| r-oldrel-macos-x86_64 | 1.1.0 | 148.00 | 91.00 | 239.00 | NOTE | |
| r-oldrel-windows-x86_64 | 1.1.0 | 1426.00 | 451.00 | 1877.00 | NOTE | 
Version: 1.1.0
Check: dependencies in R code
Result: NOTE
  Namespaces in Imports field not imported from:
    ‘RcppParallel’ ‘rstantools’
    All declared Imports should be used.
Flavors: r-devel-linux-x86_64-fedora-clang, r-devel-linux-x86_64-fedora-gcc
Version: 1.1.0
Check: installed package size
Result: NOTE
    installed size is 136.3Mb
    sub-directories of 1Mb or more:
      libs  135.8Mb
Flavors: r-oldrel-macos-arm64, r-oldrel-macos-x86_64, r-oldrel-windows-x86_64
Version: 1.1.0
Check: for GNU extensions in Makefiles
Result: NOTE
  GNU make is a SystemRequirements.
Flavors: r-oldrel-macos-arm64, r-oldrel-macos-x86_64, r-oldrel-windows-x86_64