CRAN Package Check Results for Package prrd

Last updated on 2025-07-16 00:49:50 CEST.

Flavor Version Tinstall Tcheck Ttotal Status Flags
r-devel-linux-x86_64-debian-clang 0.0.6 4.87 38.81 43.68 NOTE
r-devel-linux-x86_64-debian-gcc 0.0.6 3.96 30.36 34.32 NOTE
r-devel-linux-x86_64-fedora-clang 0.0.6 64.95 OK
r-devel-linux-x86_64-fedora-gcc 0.0.6 62.78 OK
r-devel-windows-x86_64 0.0.6 6.00 54.00 60.00 OK
r-patched-linux-x86_64 0.0.6 4.41 35.34 39.75 OK
r-release-linux-x86_64 0.0.6 4.75 34.89 39.64 OK
r-release-macos-arm64 0.0.6 29.00 OK
r-release-macos-x86_64 0.0.6 43.00 OK
r-release-windows-x86_64 0.0.6 7.00 55.00 62.00 OK
r-oldrel-macos-arm64 0.0.6 28.00 OK
r-oldrel-macos-x86_64 0.0.6 34.00 OK
r-oldrel-windows-x86_64 0.0.6 8.00 62.00 70.00 OK

Check Details

Version: 0.0.6
Check: CRAN incoming feasibility
Result: NOTE Maintainer: ‘Dirk Eddelbuettel <edd@debian.org>’ No Authors@R field in DESCRIPTION. Please add one, modifying Authors@R: person(given = "Dirk", family = "Eddelbuettel", role = c("aut", "cre"), email = "edd@debian.org") as necessary. Flavors: r-devel-linux-x86_64-debian-clang, r-devel-linux-x86_64-debian-gcc

mirror server hosted at Truenetwork, Russian Federation.