Last updated on 2025-07-12 18:49:49 CEST.
Flavor | Version | Tinstall | Tcheck | Ttotal | Status | Flags |
---|---|---|---|---|---|---|
r-devel-linux-x86_64-debian-clang | 2.3.1 | 42.94 | 27.56 | 70.50 | OK | |
r-devel-linux-x86_64-debian-gcc | 2.3.1 | 35.06 | 22.59 | 57.65 | OK | |
r-devel-linux-x86_64-fedora-clang | 2.3.1 | 148.30 | OK | |||
r-devel-linux-x86_64-fedora-gcc | 2.3.1 | 140.75 | OK | |||
r-devel-windows-x86_64 | 2.3.1 | 63.00 | 77.00 | 140.00 | OK | |
r-patched-linux-x86_64 | 2.3.1 | 48.27 | 26.89 | 75.16 | OK | |
r-release-linux-x86_64 | 2.3.1 | 47.15 | 26.57 | 73.72 | OK | |
r-release-macos-arm64 | 2.3.1 | 41.00 | OK | |||
r-release-macos-x86_64 | 2.3.1 | 48.00 | OK | |||
r-release-windows-x86_64 | 2.3.1 | 60.00 | 81.00 | 141.00 | OK | |
r-oldrel-macos-arm64 | 2.3.1 | 46.00 | NOTE | |||
r-oldrel-macos-x86_64 | 2.3.1 | 71.00 | NOTE | |||
r-oldrel-windows-x86_64 | 2.3.1 | 58.00 | 98.00 | 156.00 | OK |
Version: 2.3.1
Check: installed package size
Result: NOTE
installed size is 22.1Mb
sub-directories of 1Mb or more:
libs 22.0Mb
Flavors: r-oldrel-macos-arm64, r-oldrel-macos-x86_64