CRAN Package Check Results for Package protag

Last updated on 2025-05-23 00:50:23 CEST.

Flavor Version Tinstall Tcheck Ttotal Status Flags
r-devel-linux-x86_64-debian-clang 1.0.0 5.55 58.46 64.01 OK
r-devel-linux-x86_64-debian-gcc 1.0.0 3.61 39.75 43.36 OK
r-devel-linux-x86_64-fedora-clang 1.0.0 103.97 NOTE
r-devel-linux-x86_64-fedora-gcc 1.0.0 92.29 NOTE
r-devel-windows-x86_64 1.0.0 9.00 71.00 80.00 OK
r-patched-linux-x86_64 1.0.0 4.94 52.42 57.36 OK
r-release-linux-x86_64 1.0.0 5.53 54.15 59.68 OK
r-release-macos-arm64 1.0.0 29.00 OK
r-release-macos-x86_64 1.0.0 61.00 OK
r-release-windows-x86_64 1.0.0 8.00 70.00 78.00 OK
r-oldrel-macos-arm64 1.0.0 27.00 OK
r-oldrel-macos-x86_64 1.0.0 40.00 OK
r-oldrel-windows-x86_64 1.0.0 9.00 83.00 92.00 OK

Check Details

Version: 1.0.0
Check: dependencies in R code
Result: NOTE Namespaces in Imports field not imported from: ‘RColorBrewer’ ‘grDevices’ All declared Imports should be used. Flavors: r-devel-linux-x86_64-fedora-clang, r-devel-linux-x86_64-fedora-gcc

mirror server hosted at Truenetwork, Russian Federation.