Last updated on 2025-05-22 18:52:15 CEST.
Flavor | Version | Tinstall | Tcheck | Ttotal | Status | Flags |
---|---|---|---|---|---|---|
r-devel-linux-x86_64-debian-clang | 0.7.9 | 32.94 | 85.97 | 118.91 | OK | |
r-devel-linux-x86_64-debian-gcc | 0.7.9 | 23.75 | 63.51 | 87.26 | OK | |
r-devel-linux-x86_64-fedora-clang | 0.7.9 | 202.02 | OK | |||
r-devel-linux-x86_64-fedora-gcc | 0.7.9 | 216.60 | OK | |||
r-devel-windows-x86_64 | 0.7.9 | 36.00 | 226.00 | 262.00 | OK | |
r-patched-linux-x86_64 | 0.7.9 | 35.17 | 82.41 | 117.58 | OK | |
r-release-linux-x86_64 | 0.7.9 | 33.79 | 82.20 | 115.99 | OK | |
r-release-macos-arm64 | 0.7.9 | 86.00 | OK | |||
r-release-macos-x86_64 | 0.7.9 | 162.00 | OK | |||
r-release-windows-x86_64 | 0.7.9 | 38.00 | 253.00 | 291.00 | OK | |
r-oldrel-macos-arm64 | 0.7.9 | 70.00 | NOTE | |||
r-oldrel-macos-x86_64 | 0.7.9 | 144.00 | NOTE | |||
r-oldrel-windows-x86_64 | 0.7.9 | 36.00 | 202.00 | 238.00 | OK |
Version: 0.7.9
Check: installed package size
Result: NOTE
installed size is 6.6Mb
sub-directories of 1Mb or more:
data 2.3Mb
libs 3.2Mb
Flavors: r-oldrel-macos-arm64, r-oldrel-macos-x86_64