Last updated on 2025-11-04 11:52:39 CET.
| Flavor | Version | Tinstall | Tcheck | Ttotal | Status | Flags | 
|---|---|---|---|---|---|---|
| r-devel-linux-x86_64-debian-clang | 1.0-15 | 5.56 | 20.79 | 26.35 | OK | |
| r-devel-linux-x86_64-debian-gcc | 1.0-15 | 3.90 | 17.36 | 21.26 | OK | |
| r-devel-linux-x86_64-fedora-clang | 1.0-15 | 14.00 | 25.43 | 39.43 | OK | |
| r-devel-linux-x86_64-fedora-gcc | 1.0-15 | 13.00 | 24.68 | 37.68 | OK | |
| r-devel-windows-x86_64 | 1.0-15 | 21.00 | 174.00 | 195.00 | OK | |
| r-patched-linux-x86_64 | 1.0-15 | 4.26 | 19.91 | 24.17 | OK | |
| r-release-linux-x86_64 | 1.0-15 | 4.00 | 20.25 | 24.25 | OK | |
| r-release-macos-arm64 | 1.0-15 | 11.00 | 19.00 | 30.00 | OK | |
| r-release-macos-x86_64 | 1.0-15 | 16.00 | 24.00 | 40.00 | OK | |
| r-release-windows-x86_64 | 1.0-15 | 20.00 | 173.00 | 193.00 | OK | |
| r-oldrel-macos-arm64 | 1.0-15 | 8.00 | 19.00 | 27.00 | NOTE | |
| r-oldrel-macos-x86_64 | 1.0-15 | 19.00 | 26.00 | 45.00 | NOTE | |
| r-oldrel-windows-x86_64 | 1.0-15 | 23.00 | 183.00 | 206.00 | NOTE | 
Version: 1.0-15
Check: installed package size
Result: NOTE
    installed size is 12.8Mb
    sub-directories of 1Mb or more:
      libs  12.8Mb
Flavors: r-oldrel-macos-arm64, r-oldrel-macos-x86_64, r-oldrel-windows-x86_64