CRAN Package Check Results for Package processanimateR

Last updated on 2025-07-10 00:49:47 CEST.

Flavor Version Tinstall Tcheck Ttotal Status Flags
r-devel-linux-x86_64-debian-clang 1.0.5 9.74 116.68 126.42 NOTE
r-devel-linux-x86_64-debian-gcc 1.0.5 6.67 78.82 85.49 NOTE
r-devel-linux-x86_64-fedora-clang 1.0.5 190.10 OK
r-devel-linux-x86_64-fedora-gcc 1.0.5 196.01 OK
r-devel-windows-x86_64 1.0.5 12.00 113.00 125.00 NOTE
r-patched-linux-x86_64 1.0.5 8.81 102.38 111.19 NOTE
r-release-linux-x86_64 1.0.5 7.89 101.06 108.95 NOTE
r-release-macos-arm64 1.0.5 61.00 OK
r-release-macos-x86_64 1.0.5 99.00 OK
r-release-windows-x86_64 1.0.5 12.00 110.00 122.00 NOTE
r-oldrel-macos-arm64 1.0.5 60.00 NOTE
r-oldrel-macos-x86_64 1.0.5 91.00 NOTE
r-oldrel-windows-x86_64 1.0.5 16.00 142.00 158.00 NOTE

Check Details

Version: 1.0.5
Check: Rd cross-references
Result: NOTE Found the following Rd file(s) with Rd \link{} targets missing package anchors: animate_process.Rd: process_map, JS, createWidget, sizingPolicy Please provide package anchors for all Rd \link{} targets not in the package itself and the base packages. Flavors: r-devel-linux-x86_64-debian-clang, r-devel-linux-x86_64-debian-gcc, r-devel-windows-x86_64, r-patched-linux-x86_64, r-release-linux-x86_64, r-release-windows-x86_64

Version: 1.0.5
Check: installed package size
Result: NOTE installed size is 11.5Mb sub-directories of 1Mb or more: doc 8.8Mb htmlwidgets 2.5Mb Flavors: r-oldrel-macos-arm64, r-oldrel-macos-x86_64, r-oldrel-windows-x86_64

mirror server hosted at Truenetwork, Russian Federation.