Last updated on 2025-11-04 05:51:20 CET.
| Flavor | Version | Tinstall | Tcheck | Ttotal | Status | Flags | 
|---|---|---|---|---|---|---|
| r-devel-linux-x86_64-debian-clang | 1.2.0 | 7.01 | 457.11 | 464.12 | OK | |
| r-devel-linux-x86_64-debian-gcc | 1.2.0 | 3.68 | 401.57 | 405.25 | OK | |
| r-devel-linux-x86_64-fedora-clang | 1.2.0 | 38.00 | 591.45 | 629.45 | OK | |
| r-devel-linux-x86_64-fedora-gcc | 1.2.0 | 17.00 | 641.93 | 658.93 | OK | |
| r-devel-windows-x86_64 | 1.2.0 | 9.00 | 769.00 | 778.00 | OK | |
| r-patched-linux-x86_64 | 1.2.0 | 6.24 | 542.43 | 548.67 | OK | |
| r-release-linux-x86_64 | 1.2.0 | 6.73 | 531.95 | 538.68 | OK | |
| r-release-macos-arm64 | 1.2.0 | 3.00 | 156.00 | 159.00 | OK | |
| r-release-macos-x86_64 | 1.2.0 | 9.00 | 721.00 | 730.00 | OK | |
| r-release-windows-x86_64 | 1.2.0 | 10.00 | 746.00 | 756.00 | OK | |
| r-oldrel-macos-arm64 | 1.2.0 | 3.00 | 159.00 | 162.00 | NOTE | |
| r-oldrel-macos-x86_64 | 1.2.0 | 11.00 | 676.00 | 687.00 | NOTE | |
| r-oldrel-windows-x86_64 | 1.2.0 | 13.00 | 418.00 | 431.00 | NOTE | 
Version: 1.2.0
Check: package dependencies
Result: NOTE
  Packages suggested but not available for checking: 'cmdstanr', 'iwmm'
Flavors: r-oldrel-macos-arm64, r-oldrel-macos-x86_64, r-oldrel-windows-x86_64