Last updated on 2025-11-03 23:50:27 CET.
| Flavor | Version | Tinstall | Tcheck | Ttotal | Status | Flags | 
|---|---|---|---|---|---|---|
| r-devel-linux-x86_64-debian-clang | 1.2.0 | 7.52 | 72.40 | 79.92 | NOTE | |
| r-devel-linux-x86_64-debian-gcc | 1.2.0 | 4.78 | 53.07 | 57.85 | NOTE | |
| r-devel-linux-x86_64-fedora-clang | 1.2.0 | 16.00 | 106.39 | 122.39 | NOTE | |
| r-devel-linux-x86_64-fedora-gcc | 1.2.0 | 16.00 | 99.77 | 115.77 | NOTE | |
| r-devel-windows-x86_64 | 1.2.0 | 9.00 | 90.00 | 99.00 | NOTE | |
| r-patched-linux-x86_64 | 1.2.0 | 8.46 | 67.50 | 75.96 | NOTE | |
| r-release-linux-x86_64 | 1.2.0 | 5.94 | 67.23 | 73.17 | NOTE | |
| r-release-macos-arm64 | 1.2.0 | 3.00 | 30.00 | 33.00 | NOTE | |
| r-release-macos-x86_64 | 1.2.0 | 5.00 | 52.00 | 57.00 | NOTE | |
| r-release-windows-x86_64 | 1.2.0 | 9.00 | 87.00 | 96.00 | NOTE | |
| r-oldrel-macos-arm64 | 1.2.0 | 3.00 | 28.00 | 31.00 | NOTE | |
| r-oldrel-macos-x86_64 | 1.2.0 | 4.00 | 53.00 | 57.00 | NOTE | |
| r-oldrel-windows-x86_64 | 1.2.0 | 12.00 | 112.00 | 124.00 | NOTE | 
Version: 1.2.0
Check: CRAN incoming feasibility
Result: NOTE
  Maintainer: ‘Hank Stevens <hank.stevens@miamioh.edu>’
  
  No Authors@R field in DESCRIPTION.
  Please add one, modifying
    Authors@R: c(person(given = c("M", "H", "H"),
                        family = "Stevens",
                        role = "aut"),
                 person(given = "Hank",
                        family = "Stevens",
                        role = "cre",
                        email = "hank.stevens@miamioh.edu"))
  as necessary.
  
  Package CITATION file contains call(s) to old-style personList() or
  as.personList().  Please use c() on person objects instead.
  Package CITATION file contains call(s) to old-style citEntry().  Please
  use bibentry() instead.
Flavors: r-devel-linux-x86_64-debian-clang, r-devel-linux-x86_64-debian-gcc
Version: 1.2.0
Check: Rd files
Result: NOTE
  checkRd: (-1) alogistic.Rd:20: Lost braces
      20 | The user does not put these directly into this function, but rather uses code{ode} in the \code{deSolve} package.
         |                                                                              ^
Flavors: r-devel-linux-x86_64-debian-clang, r-devel-linux-x86_64-debian-gcc, r-devel-linux-x86_64-fedora-clang, r-devel-linux-x86_64-fedora-gcc, r-devel-windows-x86_64, r-patched-linux-x86_64, r-release-linux-x86_64, r-release-macos-arm64, r-release-macos-x86_64, r-release-windows-x86_64, r-oldrel-macos-arm64, r-oldrel-macos-x86_64, r-oldrel-windows-x86_64
Version: 1.2.0
Check: dependencies in R code
Result: NOTE
  Namespaces in Imports field not imported from:
    ‘tidyr’ ‘utils’
    All declared Imports should be used.
Flavors: r-devel-linux-x86_64-fedora-clang, r-devel-linux-x86_64-fedora-gcc