Last updated on 2025-11-03 23:50:27 CET.
| Flavor | Version | Tinstall | Tcheck | Ttotal | Status | Flags | 
|---|---|---|---|---|---|---|
| r-devel-linux-x86_64-debian-clang | 1.2 | 6.30 | 54.63 | 60.93 | NOTE | |
| r-devel-linux-x86_64-debian-gcc | 1.2 | 4.08 | 41.50 | 45.58 | NOTE | |
| r-devel-linux-x86_64-fedora-clang | 1.2 | 13.00 | 78.31 | 91.31 | OK | |
| r-devel-linux-x86_64-fedora-gcc | 1.2 | 12.00 | 76.28 | 88.28 | OK | |
| r-devel-windows-x86_64 | 1.2 | 7.00 | 63.00 | 70.00 | OK | |
| r-patched-linux-x86_64 | 1.2 | 5.64 | 52.55 | 58.19 | OK | |
| r-release-linux-x86_64 | 1.2 | 6.09 | 52.40 | 58.49 | OK | |
| r-release-macos-arm64 | 1.2 | 3.00 | 28.00 | 31.00 | OK | |
| r-release-macos-x86_64 | 1.2 | 5.00 | 49.00 | 54.00 | OK | |
| r-release-windows-x86_64 | 1.2 | 7.00 | 62.00 | 69.00 | OK | |
| r-oldrel-macos-arm64 | 1.2 | 3.00 | 26.00 | 29.00 | OK | |
| r-oldrel-macos-x86_64 | 1.2 | 4.00 | 51.00 | 55.00 | OK | |
| r-oldrel-windows-x86_64 | 1.2 | 9.00 | 76.00 | 85.00 | OK | 
Version: 1.2
Check: CRAN incoming feasibility
Result: NOTE
  Maintainer: ‘Ziwei Zhu <ziweiz@umich.edu>’
  
  No Authors@R field in DESCRIPTION.
  Please add one, modifying
    Authors@R: c(person(given = "Ziwei",
                        family = "Zhu",
                        role = c("aut", "cre"),
                        email = "ziweiz@umich.edu"),
                 person(given = "Tengyao",
                        family = "Wang",
                        role = "aut"),
                 person(given = c("Richard", "J."),
                        family = "Samworth",
                        role = "aut"))
  as necessary.
  
  The Description field contains
    component analysis with heterogeneous missingness. <arXiv:1906.12125>.
  Please refer to arXiv e-prints via their arXiv DOI <doi:10.48550/arXiv.YYMM.NNNNN>.
Flavors: r-devel-linux-x86_64-debian-clang, r-devel-linux-x86_64-debian-gcc