CRAN Package Check Results for Package prettymapr

Last updated on 2025-11-04 11:52:39 CET.

Flavor Version Tinstall Tcheck Ttotal Status Flags
r-devel-linux-x86_64-debian-clang 0.2.5 2.36 23.09 25.45 NOTE
r-devel-linux-x86_64-debian-gcc 0.2.5 1.69 18.17 19.86 NOTE
r-devel-linux-x86_64-fedora-clang 0.2.5 37.52 OK
r-devel-linux-x86_64-fedora-gcc 0.2.5 35.17 OK
r-devel-windows-x86_64 0.2.5 5.00 42.00 47.00 OK
r-patched-linux-x86_64 0.2.5 2.46 21.85 24.31 OK
r-release-linux-x86_64 0.2.5 2.43 21.56 23.99 OK
r-release-macos-arm64 0.2.5 1.00 16.00 17.00 OK
r-release-macos-x86_64 0.2.5 3.00 24.00 27.00 OK
r-release-windows-x86_64 0.2.5 4.00 41.00 45.00 OK
r-oldrel-macos-arm64 0.2.5 1.00 15.00 16.00 OK
r-oldrel-macos-x86_64 0.2.5 2.00 21.00 23.00 OK
r-oldrel-windows-x86_64 0.2.5 5.00 48.00 53.00 OK

Check Details

Version: 0.2.5
Check: CRAN incoming feasibility
Result: NOTE Maintainer: ‘Dewey Dunnington <dewey@fishandwhistle.net>’ No Authors@R field in DESCRIPTION. Please add one, modifying Authors@R: person(given = "Dewey", family = "Dunnington", role = c("aut", "cre"), email = "dewey@fishandwhistle.net") as necessary. Flavors: r-devel-linux-x86_64-debian-clang, r-devel-linux-x86_64-debian-gcc

mirror server hosted at Truenetwork, Russian Federation.