CRAN Package Check Results for Package preputils

Last updated on 2025-05-27 18:49:58 CEST.

Flavor Version Tinstall Tcheck Ttotal Status Flags
r-devel-linux-x86_64-debian-clang 1.0.3 2.13 23.11 25.24 NOTE
r-devel-linux-x86_64-debian-gcc 1.0.3 1.75 18.37 20.12 NOTE
r-devel-linux-x86_64-fedora-clang 1.0.3 39.95 OK
r-devel-linux-x86_64-fedora-gcc 1.0.3 36.79 OK
r-devel-windows-x86_64 1.0.3 5.00 46.00 51.00 OK
r-patched-linux-x86_64 1.0.3 2.19 22.01 24.20 OK
r-release-linux-x86_64 1.0.3 1.84 21.89 23.73 OK
r-release-macos-arm64 1.0.3 17.00 OK
r-release-macos-x86_64 1.0.3 26.00 OK
r-release-windows-x86_64 1.0.3 3.00 61.00 64.00 OK
r-oldrel-macos-arm64 1.0.3 18.00 NOTE
r-oldrel-macos-x86_64 1.0.3 23.00 NOTE
r-oldrel-windows-x86_64 1.0.3 3.00 49.00 52.00 NOTE

Check Details

Version: 1.0.3
Check: CRAN incoming feasibility
Result: NOTE Maintainer: ‘Josef Frank <josef.frank@gmx.ch>’ No Authors@R field in DESCRIPTION. Please add one, modifying Authors@R: person(given = "Josef", family = "Frank", role = c("aut", "cre"), email = "josef.frank@gmx.ch") as necessary. Flavors: r-devel-linux-x86_64-debian-clang, r-devel-linux-x86_64-debian-gcc

Version: 1.0.3
Check: LazyData
Result: NOTE 'LazyData' is specified without a 'data' directory Flavors: r-oldrel-macos-arm64, r-oldrel-macos-x86_64, r-oldrel-windows-x86_64

mirror server hosted at Truenetwork, Russian Federation.