Last updated on 2025-02-21 17:50:51 CET.
Flavor | Version | Tinstall | Tcheck | Ttotal | Status | Flags |
---|---|---|---|---|---|---|
r-devel-linux-x86_64-debian-clang | 1.0-1 | 2.16 | 31.77 | 33.93 | NOTE | |
r-devel-linux-x86_64-debian-gcc | 1.0-1 | 1.52 | 25.74 | 27.26 | NOTE | |
r-devel-linux-x86_64-fedora-clang | 1.0-1 | 55.63 | OK | |||
r-devel-linux-x86_64-fedora-gcc | 1.0-1 | 66.60 | OK | |||
r-devel-macos-arm64 | 1.0-1 | 29.00 | OK | |||
r-devel-macos-x86_64 | 1.0-1 | 43.00 | OK | |||
r-devel-windows-x86_64 | 1.0-1 | 2.00 | 90.00 | 92.00 | NOTE | |
r-patched-linux-x86_64 | 1.0-1 | 3.10 | 30.83 | 33.93 | OK | |
r-release-linux-x86_64 | 1.0-1 | 1.88 | 31.39 | 33.27 | OK | |
r-release-macos-arm64 | 1.0-1 | 28.00 | OK | |||
r-release-macos-x86_64 | 1.0-1 | 40.00 | OK | |||
r-release-windows-x86_64 | 1.0-1 | 3.00 | 91.00 | 94.00 | OK | |
r-oldrel-macos-arm64 | 1.0-1 | 31.00 | OK | |||
r-oldrel-macos-x86_64 | 1.0-1 | 38.00 | OK | |||
r-oldrel-windows-x86_64 | 1.0-1 | 3.00 | 81.00 | 84.00 | OK |
Version: 1.0-1
Check: Rd cross-references
Result: NOTE
Found the following Rd file(s) with Rd \link{} targets missing package
anchors:
prepplot.Rd: Arrows
Please provide package anchors for all Rd \link{} targets not in the
package itself and the base packages.
Flavors: r-devel-linux-x86_64-debian-clang, r-devel-linux-x86_64-debian-gcc, r-devel-windows-x86_64