Last updated on 2025-05-22 06:51:54 CEST.
Flavor | Version | Tinstall | Tcheck | Ttotal | Status | Flags |
---|---|---|---|---|---|---|
r-devel-linux-x86_64-debian-clang | 1.1 | 1.79 | 19.47 | 21.26 | NOTE | |
r-devel-linux-x86_64-debian-gcc | 1.1 | 1.38 | 15.62 | 17.00 | NOTE | |
r-devel-linux-x86_64-fedora-clang | 1.1 | 32.86 | OK | |||
r-devel-linux-x86_64-fedora-gcc | 1.1 | 31.24 | OK | |||
r-devel-windows-x86_64 | 1.1 | 3.00 | 60.00 | 63.00 | OK | |
r-patched-linux-x86_64 | 1.1 | 2.05 | 18.49 | 20.54 | OK | |
r-release-linux-x86_64 | 1.1 | 1.70 | 18.46 | 20.16 | OK | |
r-release-macos-arm64 | 1.1 | 15.00 | OK | |||
r-release-macos-x86_64 | 1.1 | 31.00 | OK | |||
r-release-windows-x86_64 | 1.1 | 3.00 | 78.00 | 81.00 | OK | |
r-oldrel-macos-arm64 | 1.1 | 20.00 | OK | |||
r-oldrel-macos-x86_64 | 1.1 | 29.00 | OK | |||
r-oldrel-windows-x86_64 | 1.1 | 3.00 | 44.00 | 47.00 | OK |
Version: 1.1
Check: CRAN incoming feasibility
Result: NOTE
Maintainer: ‘Seongho Kim <biostatistician.kim@gmail.com>’
No Authors@R field in DESCRIPTION.
Please add one, modifying
Authors@R: person(given = "Seongho",
family = "Kim",
role = c("aut", "cre"),
email = "biostatistician.kim@gmail.com")
as necessary.
Flavors: r-devel-linux-x86_64-debian-clang, r-devel-linux-x86_64-debian-gcc