Last updated on 2025-05-28 00:49:09 CEST.
Flavor | Version | Tinstall | Tcheck | Ttotal | Status | Flags |
---|---|---|---|---|---|---|
r-devel-linux-x86_64-debian-clang | 0.3.3 | 50.24 | 70.12 | 120.36 | OK | |
r-devel-linux-x86_64-debian-gcc | 0.3.3 | 33.38 | 49.88 | 83.26 | OK | |
r-devel-linux-x86_64-fedora-clang | 0.3.3 | 193.88 | OK | |||
r-devel-linux-x86_64-fedora-gcc | 0.3.3 | 194.89 | OK | |||
r-devel-windows-x86_64 | 0.3.3 | 52.00 | 103.00 | 155.00 | OK | |
r-patched-linux-x86_64 | 0.3.3 | 48.76 | 66.54 | 115.30 | OK | |
r-release-linux-x86_64 | 0.3.3 | 50.55 | 66.69 | 117.24 | OK | |
r-release-macos-arm64 | 0.3.3 | 54.00 | OK | |||
r-release-macos-x86_64 | 0.3.3 | 110.00 | OK | |||
r-release-windows-x86_64 | 0.3.3 | 51.00 | 113.00 | 164.00 | OK | |
r-oldrel-macos-arm64 | 0.3.3 | 49.00 | NOTE | |||
r-oldrel-macos-x86_64 | 0.3.3 | 75.00 | NOTE | |||
r-oldrel-windows-x86_64 | 0.3.3 | 63.00 | 131.00 | 194.00 | OK |
Version: 0.3.3
Check: installed package size
Result: NOTE
installed size is 6.4Mb
sub-directories of 1Mb or more:
libs 6.1Mb
Flavors: r-oldrel-macos-arm64, r-oldrel-macos-x86_64