Last updated on 2025-07-16 07:49:15 CEST.
Flavor | Version | Tinstall | Tcheck | Ttotal | Status | Flags |
---|---|---|---|---|---|---|
r-devel-linux-x86_64-debian-clang | 0.3.3 | 45.94 | 70.75 | 116.69 | OK | |
r-devel-linux-x86_64-debian-gcc | 0.3.3 | 33.28 | 52.84 | 86.12 | OK | |
r-devel-linux-x86_64-fedora-clang | 0.3.3 | 187.41 | OK | |||
r-devel-linux-x86_64-fedora-gcc | 0.3.3 | 191.31 | OK | |||
r-devel-windows-x86_64 | 0.3.3 | 50.00 | 102.00 | 152.00 | OK | |
r-patched-linux-x86_64 | 0.3.3 | 47.71 | 67.05 | 114.76 | OK | |
r-release-linux-x86_64 | 0.3.3 | 48.49 | 66.83 | 115.32 | OK | |
r-release-macos-arm64 | 0.3.3 | 54.00 | OK | |||
r-release-macos-x86_64 | 0.3.3 | 110.00 | OK | |||
r-release-windows-x86_64 | 0.3.3 | 50.00 | 110.00 | 160.00 | OK | |
r-oldrel-macos-arm64 | 0.3.3 | 49.00 | NOTE | |||
r-oldrel-macos-x86_64 | 0.3.3 | 75.00 | NOTE | |||
r-oldrel-windows-x86_64 | 0.3.3 | 62.00 | 128.00 | 190.00 | OK |
Version: 0.3.3
Check: installed package size
Result: NOTE
installed size is 6.4Mb
sub-directories of 1Mb or more:
libs 6.1Mb
Flavors: r-oldrel-macos-arm64, r-oldrel-macos-x86_64