CRAN Package Check Results for Package popstudy

Last updated on 2025-04-15 00:50:19 CEST.

Flavor Version Tinstall Tcheck Ttotal Status Flags
r-devel-linux-x86_64-debian-clang 1.0.1 25.82 192.72 218.54 NOTE
r-devel-linux-x86_64-debian-gcc 1.0.1 19.33 137.73 157.06 NOTE
r-devel-linux-x86_64-fedora-clang 1.0.1 364.16 OK
r-devel-linux-x86_64-fedora-gcc 1.0.1 357.66 OK
r-devel-windows-x86_64 1.0.1 28.00 194.00 222.00 NOTE
r-patched-linux-x86_64 1.0.1 26.27 187.40 213.67 NOTE
r-release-linux-x86_64 1.0.1 25.44 183.81 209.25 NOTE
r-release-macos-arm64 1.0.1 89.00 OK
r-release-macos-x86_64 1.0.1 174.00 OK
r-release-windows-x86_64 1.0.1 30.00 201.00 231.00 NOTE
r-oldrel-macos-arm64 1.0.1 90.00 OK
r-oldrel-macos-x86_64 1.0.1 133.00 OK
r-oldrel-windows-x86_64 1.0.1 39.00 251.00 290.00 OK

Check Details

Version: 1.0.1
Check: Rd cross-references
Result: NOTE Found the following Rd file(s) with Rd \link{} targets missing package anchors: Lifetable.Rd: forecast, read.demogdata Please provide package anchors for all Rd \link{} targets not in the package itself and the base packages. Flavors: r-devel-linux-x86_64-debian-clang, r-devel-linux-x86_64-debian-gcc, r-devel-windows-x86_64, r-patched-linux-x86_64, r-release-linux-x86_64, r-release-windows-x86_64

mirror server hosted at Truenetwork, Russian Federation.