Last updated on 2025-02-22 05:51:47 CET.
Flavor | Version | Tinstall | Tcheck | Ttotal | Status | Flags |
---|---|---|---|---|---|---|
r-devel-linux-x86_64-debian-clang | 1.2.4 | 49.56 | 382.49 | 432.05 | OK | |
r-devel-linux-x86_64-debian-gcc | 1.2.4 | 39.40 | 222.20 | 261.60 | OK | |
r-devel-linux-x86_64-fedora-clang | 1.2.4 | 570.14 | OK | |||
r-devel-linux-x86_64-fedora-gcc | 1.2.4 | 573.91 | OK | |||
r-devel-macos-arm64 | 1.2.4 | 174.00 | OK | |||
r-devel-macos-x86_64 | 1.2.4 | 359.00 | OK | |||
r-devel-windows-x86_64 | 1.2.4 | 55.00 | 371.00 | 426.00 | OK | |
r-patched-linux-x86_64 | 1.2.4 | 56.58 | 358.82 | 415.40 | OK | |
r-release-linux-x86_64 | 1.2.4 | 53.90 | 363.77 | 417.67 | OK | |
r-release-macos-arm64 | 1.2.4 | 175.00 | NOTE | |||
r-release-macos-x86_64 | 1.2.4 | 612.00 | OK | |||
r-release-windows-x86_64 | 1.2.4 | 54.00 | 368.00 | 422.00 | OK | |
r-oldrel-macos-arm64 | 1.2.4 | 173.00 | NOTE | |||
r-oldrel-macos-x86_64 | 1.2.4 | 374.00 | OK | |||
r-oldrel-windows-x86_64 | 1.2.4 | 66.00 | 479.00 | 545.00 | OK |
Version: 1.2.4
Check: installed package size
Result: NOTE
installed size is 5.2Mb
sub-directories of 1Mb or more:
libs 3.6Mb
Flavors: r-release-macos-arm64, r-oldrel-macos-arm64